{"id":10697,"date":"2025-11-12T12:32:41","date_gmt":"2025-11-12T11:32:41","guid":{"rendered":"https:\/\/www.colours.cz\/ucinkujici\/jambinai\/"},"modified":"2026-03-17T14:55:45","modified_gmt":"2026-03-17T13:55:45","slug":"jambinai","status":"publish","type":"program","link":"https:\/\/www.colours.cz\/en\/ucinkujici\/jambinai\/","title":{"rendered":"JAMBINAI"},"content":{"rendered":"\n<figure class=\"wp-block-embed is-type-rich is-provider-spotify wp-block-embed-spotify wp-embed-aspect-21-9 wp-has-aspect-ratio\"><div class=\"wp-block-embed__wrapper\">\n<iframe title=\"Spotify Embed: JAMBINAI\" style=\"border-radius: 12px\" width=\"100%\" height=\"352\" frameborder=\"0\" allowfullscreen allow=\"autoplay; clipboard-write; encrypted-media; fullscreen; picture-in-picture\" loading=\"lazy\" src=\"https:\/\/open.spotify.com\/embed\/artist\/20xwrwSmGSBQLLV0EVRS9M?si=ZvfqNzQrQaSPm-xbe0ooVw&amp;utm_source=oembed\"><\/iframe>\n<\/div><\/figure>\n\n\n\n<p>Do the names haegeum, geomungo, piri, or taepyeongso ring a bell? No? They will soon. Jambinai blend post-rock and metal with traditional Korean instruments to create a sound unafraid of emotion or silence. \u201cTraditional instruments don\u2019t mean the past,\u201d the band says. \u201cWe want to communicate with today\u2019s world.\u201d And they succeed brilliantly\u2014their last two releases,&nbsp;<em>ONDA<\/em>&nbsp;and&nbsp;<em>apparition<\/em>, have earned acclaim from Seoul to Europe, confirming their unique position between the Korean alternative scene and the global post-rock landscape.<\/p>\n\n\n\n<figure class=\"wp-block-embed is-type-video is-provider-youtube wp-block-embed-youtube wp-embed-aspect-16-9 wp-has-aspect-ratio\"><div class=\"wp-block-embed__wrapper\">\n<iframe loading=\"lazy\" title=\"JAMBINAI \uc7a0\ube44\ub098\uc774 - THEY KEEP SILENCE \uadf8\ub4e4\uc740 \ub9d0\uc774 \uc5c6\ub2e4\" width=\"500\" height=\"281\" src=\"https:\/\/www.youtube.com\/embed\/PB1k7CDVWVk?feature=oembed\" frameborder=\"0\" allow=\"accelerometer; autoplay; clipboard-write; encrypted-media; gyroscope; picture-in-picture; web-share\" referrerpolicy=\"strict-origin-when-cross-origin\" allowfullscreen><\/iframe>\n<\/div><\/figure>\n\n\n\n<p>In 2018, they also stunned audiences worldwide with a performance at the closing ceremony of the PyeongChang Winter Olympics, where they played alongside the Korean Symphony Orchestra. Long ambient passages and unexpected musical turns create an intense, almost cinematic atmosphere that leaves a lasting impression. Jambinai will resonate with anyone who loves the depth of Sigur R\u00f3s or the dark beauty of MONO. This won\u2019t be just a concert\u2014it will be an experience.<\/p>\n\n\n\n<figure class=\"wp-block-gallery has-nested-images columns-default is-cropped wp-block-gallery-1 is-layout-flex wp-block-gallery-is-layout-flex\"><div class=\"wp-block-image\">\n<figure class=\"aligncenter size-large\"><a href=\"https:\/\/www.mcst.go.kr\/english\/\"><img loading=\"lazy\" decoding=\"async\" width=\"400\" height=\"160\" data-id=\"12521\" src=\"https:\/\/www.colours.cz\/wp-content\/uploads\/2025\/11\/Frame-145-1.png\" alt=\"JAMBINAI - Colours of Ostrava\" class=\"wp-image-12521\" srcset=\"https:\/\/www.colours.cz\/wp-content\/uploads\/2025\/11\/Frame-145-1.png 400w, https:\/\/www.colours.cz\/wp-content\/uploads\/2025\/11\/Frame-145-1-300x120.png 300w\" sizes=\"auto, (max-width: 400px) 100vw, 400px\" \/><\/a><\/figure>\n<\/div>\n\n<div class=\"wp-block-image\">\n<figure class=\"aligncenter size-large\"><a href=\"https:\/\/kofice.or.kr\/eng\/main.do\"><img loading=\"lazy\" decoding=\"async\" width=\"400\" height=\"160\" data-id=\"12518\" src=\"https:\/\/www.colours.cz\/wp-content\/uploads\/2025\/11\/Frame-146-1.png\" alt=\"JAMBINAI - Colours of Ostrava\" class=\"wp-image-12518\" srcset=\"https:\/\/www.colours.cz\/wp-content\/uploads\/2025\/11\/Frame-146-1.png 400w, https:\/\/www.colours.cz\/wp-content\/uploads\/2025\/11\/Frame-146-1-300x120.png 300w\" sizes=\"auto, (max-width: 400px) 100vw, 400px\" \/><\/a><\/figure>\n<\/div>\n\n<div class=\"wp-block-image\">\n<figure class=\"aligncenter size-large\"><img loading=\"lazy\" decoding=\"async\" width=\"400\" height=\"160\" data-id=\"12515\" src=\"https:\/\/www.colours.cz\/wp-content\/uploads\/2025\/11\/Frame-147-1.png\" alt=\"JAMBINAI - Colours of Ostrava\" class=\"wp-image-12515\" srcset=\"https:\/\/www.colours.cz\/wp-content\/uploads\/2025\/11\/Frame-147-1.png 400w, https:\/\/www.colours.cz\/wp-content\/uploads\/2025\/11\/Frame-147-1-300x120.png 300w\" sizes=\"auto, (max-width: 400px) 100vw, 400px\" \/><\/figure>\n<\/div><\/figure>\n","protected":false},"excerpt":{"rendered":"<p>Ancient instruments, a new world, and a sound that takes your breath away<\/p>\n","protected":false},"featured_media":10114,"menu_order":0,"template":"","meta":[],"program-year":[456],"program-category":[120],"program-genre":[331,464,181],"program-country":[197],"class_list":["post-10697","program","type-program","status-publish","has-post-thumbnail","hentry","program-category-music-programme","program-genre-asian-focus-en","program-genre-metal-en","program-genre-rock-en","program-country-jizni-korea-en"],"yoast_head":"<!-- This site is optimized with the Yoast SEO plugin v25.3.1 - https:\/\/yoast.com\/wordpress\/plugins\/seo\/ -->\n<title>JAMBINAI - Colours of Ostrava<\/title>\n<meta name=\"description\" content=\"Propojuj\u00ed post-rock a metal s tradi\u010dn\u00edmi korejsk\u00fdmi n\u00e1stroji a vytv\u00e1\u0159ej\u00ed zvuk, kter\u00fd se neboj\u00ed emoc\u00ed ani ticha. Zazijte je na Colours 2026.\" \/>\n<meta name=\"robots\" content=\"index, follow, max-snippet:-1, max-image-preview:large, max-video-preview:-1\" \/>\n<link rel=\"canonical\" href=\"https:\/\/www.colours.cz\/en\/ucinkujici\/jambinai\/\" \/>\n<meta property=\"og:locale\" content=\"en_US\" \/>\n<meta property=\"og:type\" content=\"article\" \/>\n<meta property=\"og:title\" content=\"JAMBINAI - Colours of Ostrava\" \/>\n<meta property=\"og:description\" content=\"Propojuj\u00ed post-rock a metal s tradi\u010dn\u00edmi korejsk\u00fdmi n\u00e1stroji a vytv\u00e1\u0159ej\u00ed zvuk, kter\u00fd se neboj\u00ed emoc\u00ed ani ticha. Zazijte je na Colours 2026.\" \/>\n<meta property=\"og:url\" content=\"https:\/\/www.colours.cz\/en\/ucinkujici\/jambinai\/\" \/>\n<meta property=\"og:site_name\" content=\"Colours of Ostrava\" \/>\n<meta property=\"article:modified_time\" content=\"2026-03-17T13:55:45+00:00\" \/>\n<meta property=\"og:image\" content=\"https:\/\/www.colours.cz\/wp-content\/uploads\/2025\/11\/JAMBINAI01-scaled.jpg\" \/>\n\t<meta property=\"og:image:width\" content=\"2560\" \/>\n\t<meta property=\"og:image:height\" content=\"1978\" \/>\n\t<meta property=\"og:image:type\" content=\"image\/jpeg\" \/>\n<meta name=\"twitter:card\" content=\"summary_large_image\" \/>\n<meta name=\"twitter:label1\" content=\"Est. reading time\" \/>\n\t<meta name=\"twitter:data1\" content=\"2 minutes\" \/>\n<!-- \/ Yoast SEO plugin. -->","yoast_head_json":{"title":"JAMBINAI - Colours of Ostrava","description":"Propojuj\u00ed post-rock a metal s tradi\u010dn\u00edmi korejsk\u00fdmi n\u00e1stroji a vytv\u00e1\u0159ej\u00ed zvuk, kter\u00fd se neboj\u00ed emoc\u00ed ani ticha. Zazijte je na Colours 2026.","robots":{"index":"index","follow":"follow","max-snippet":"max-snippet:-1","max-image-preview":"max-image-preview:large","max-video-preview":"max-video-preview:-1"},"canonical":"https:\/\/www.colours.cz\/en\/ucinkujici\/jambinai\/","og_locale":"en_US","og_type":"article","og_title":"JAMBINAI - Colours of Ostrava","og_description":"Propojuj\u00ed post-rock a metal s tradi\u010dn\u00edmi korejsk\u00fdmi n\u00e1stroji a vytv\u00e1\u0159ej\u00ed zvuk, kter\u00fd se neboj\u00ed emoc\u00ed ani ticha. Zazijte je na Colours 2026.","og_url":"https:\/\/www.colours.cz\/en\/ucinkujici\/jambinai\/","og_site_name":"Colours of Ostrava","article_modified_time":"2026-03-17T13:55:45+00:00","og_image":[{"width":2560,"height":1978,"url":"https:\/\/www.colours.cz\/wp-content\/uploads\/2025\/11\/JAMBINAI01-scaled.jpg","type":"image\/jpeg"}],"twitter_card":"summary_large_image","twitter_misc":{"Est. reading time":"2 minutes"},"schema":{"@context":"https:\/\/schema.org","@graph":[{"@type":"WebPage","@id":"https:\/\/www.colours.cz\/en\/ucinkujici\/jambinai\/","url":"https:\/\/www.colours.cz\/en\/ucinkujici\/jambinai\/","name":"JAMBINAI - Colours of Ostrava","isPartOf":{"@id":"https:\/\/www.colours.cz\/en\/#website"},"primaryImageOfPage":{"@id":"https:\/\/www.colours.cz\/en\/ucinkujici\/jambinai\/#primaryimage"},"image":{"@id":"https:\/\/www.colours.cz\/en\/ucinkujici\/jambinai\/#primaryimage"},"thumbnailUrl":"https:\/\/www.colours.cz\/wp-content\/uploads\/2025\/11\/JAMBINAI01-scaled.jpg","datePublished":"2025-11-12T11:32:41+00:00","dateModified":"2026-03-17T13:55:45+00:00","description":"Propojuj\u00ed post-rock a metal s tradi\u010dn\u00edmi korejsk\u00fdmi n\u00e1stroji a vytv\u00e1\u0159ej\u00ed zvuk, kter\u00fd se neboj\u00ed emoc\u00ed ani ticha. Zazijte je na Colours 2026.","breadcrumb":{"@id":"https:\/\/www.colours.cz\/en\/ucinkujici\/jambinai\/#breadcrumb"},"inLanguage":"en-US","potentialAction":[{"@type":"ReadAction","target":["https:\/\/www.colours.cz\/en\/ucinkujici\/jambinai\/"]}]},{"@type":"ImageObject","inLanguage":"en-US","@id":"https:\/\/www.colours.cz\/en\/ucinkujici\/jambinai\/#primaryimage","url":"https:\/\/www.colours.cz\/wp-content\/uploads\/2025\/11\/JAMBINAI01-scaled.jpg","contentUrl":"https:\/\/www.colours.cz\/wp-content\/uploads\/2025\/11\/JAMBINAI01-scaled.jpg","width":2560,"height":1978},{"@type":"BreadcrumbList","@id":"https:\/\/www.colours.cz\/en\/ucinkujici\/jambinai\/#breadcrumb","itemListElement":[{"@type":"ListItem","position":1,"name":"Dom\u016f","item":"https:\/\/www.colours.cz\/en\/"},{"@type":"ListItem","position":2,"name":"JAMBINAI"}]},{"@type":"WebSite","@id":"https:\/\/www.colours.cz\/en\/#website","url":"https:\/\/www.colours.cz\/en\/","name":"Colours of Ostrava","description":"","potentialAction":[{"@type":"SearchAction","target":{"@type":"EntryPoint","urlTemplate":"https:\/\/www.colours.cz\/en\/?s={search_term_string}"},"query-input":{"@type":"PropertyValueSpecification","valueRequired":true,"valueName":"search_term_string"}}],"inLanguage":"en-US"}]}},"program-params-interpret-block-order":"30","program-params-thumbnail-mobile-id":"","program-params-sign-language-available":"0","program-params-timeline-description":"","program-tickets-not-included":"0","program-events-items-ids":[{"program-event-items-date-start":"15.07.2026 16:00","program-event-items-date-end":"","program-event-items-date-length":"0","program-event-items-place":"6471"}],"program-spotify-iframe":"","program-spotify-position":"center","program-socials-facebook":"https:\/\/www.facebook.com\/jambinaiofficial\/?locale=cs_CZ","program-socials-youtube":"https:\/\/www.youtube.com\/jambinaiofficial","program-socials-spotify":"https:\/\/open.spotify.com\/artist\/20xwrwSmGSBQLLV0EVRS9M?si=ZvfqNzQrQaSPm-xbe0ooVw","program-socials-instagram":"https:\/\/www.instagram.com\/jambinai\/?hl=cs","program-socials-threads":"","program-socials-tiktok":"","program-socials-linkedin":"","program-gallery-items-ids":[{"program-items-url":"","program-items-title":"","program-items-description":"","program-items-duration":"","program-items-image-id":""}],"program-discover-title":"","program-discover-show-in-modal":"0","program-discover-items-ids":"","_links":{"self":[{"href":"https:\/\/www.colours.cz\/en\/wp-json\/wp\/v2\/program\/10697","targetHints":{"allow":["GET"]}}],"collection":[{"href":"https:\/\/www.colours.cz\/en\/wp-json\/wp\/v2\/program"}],"about":[{"href":"https:\/\/www.colours.cz\/en\/wp-json\/wp\/v2\/types\/program"}],"wp:featuredmedia":[{"embeddable":true,"href":"https:\/\/www.colours.cz\/en\/wp-json\/wp\/v2\/media\/10114"}],"wp:attachment":[{"href":"https:\/\/www.colours.cz\/en\/wp-json\/wp\/v2\/media?parent=10697"}],"wp:term":[{"taxonomy":"program-year","embeddable":true,"href":"https:\/\/www.colours.cz\/en\/wp-json\/wp\/v2\/program-year?post=10697"},{"taxonomy":"program-category","embeddable":true,"href":"https:\/\/www.colours.cz\/en\/wp-json\/wp\/v2\/program-category?post=10697"},{"taxonomy":"program-genre","embeddable":true,"href":"https:\/\/www.colours.cz\/en\/wp-json\/wp\/v2\/program-genre?post=10697"},{"taxonomy":"program-country","embeddable":true,"href":"https:\/\/www.colours.cz\/en\/wp-json\/wp\/v2\/program-country?post=10697"}],"curies":[{"name":"wp","href":"https:\/\/api.w.org\/{rel}","templated":true}]}}

<figure class="wp-block-embed is-type-rich is-provider-spotify wp-block-embed-spotify wp-embed-aspect-21-9 wp-has-aspect-ratio"><div class="wp-block-embed__wrapper">
<iframe title="Spotify Embed: JAMBINAI" style="border-radius: 12px" width="100%" height="352" frameborder="0" allowfullscreen allow="autoplay; clipboard-write; encrypted-media; fullscreen; picture-in-picture" loading="lazy" src="https://open.spotify.com/embed/artist/20xwrwSmGSBQLLV0EVRS9M?si=ZvfqNzQrQaSPm-xbe0ooVw&amp;utm_source=oembed"></iframe>
</div></figure>



<p>Do the names haegeum, geomungo, piri, or taepyeongso ring a bell? No? They will soon. Jambinai blend post-rock and metal with traditional Korean instruments to create a sound unafraid of emotion or silence. “Traditional instruments don’t mean the past,” the band says. “We want to communicate with today’s world.” And they succeed brilliantly—their last two releases,&nbsp;<em>ONDA</em>&nbsp;and&nbsp;<em>apparition</em>, have earned acclaim from Seoul to Europe, confirming their unique position between the Korean alternative scene and the global post-rock landscape.</p>



<figure class="wp-block-embed is-type-video is-provider-youtube wp-block-embed-youtube wp-embed-aspect-16-9 wp-has-aspect-ratio"><div class="wp-block-embed__wrapper">
<iframe loading="lazy" title="JAMBINAI 잠비나이 - THEY KEEP SILENCE 그들은 말이 없다" width="500" height="281" src="https://www.youtube.com/embed/PB1k7CDVWVk?feature=oembed" frameborder="0" allow="accelerometer; autoplay; clipboard-write; encrypted-media; gyroscope; picture-in-picture; web-share" referrerpolicy="strict-origin-when-cross-origin" allowfullscreen></iframe>
</div></figure>



<p>In 2018, they also stunned audiences worldwide with a performance at the closing ceremony of the PyeongChang Winter Olympics, where they played alongside the Korean Symphony Orchestra. Long ambient passages and unexpected musical turns create an intense, almost cinematic atmosphere that leaves a lasting impression. Jambinai will resonate with anyone who loves the depth of Sigur Rós or the dark beauty of MONO. This won’t be just a concert—it will be an experience.</p>



<figure class="wp-block-gallery has-nested-images columns-default is-cropped wp-block-gallery-1 is-layout-flex wp-block-gallery-is-layout-flex"><div class="wp-block-image">
<figure class="aligncenter size-large"><a href="https://www.mcst.go.kr/english/"><img loading="lazy" decoding="async" width="400" height="160" data-id="12521" src="https://www.colours.cz/wp-content/uploads/2025/11/Frame-145-1.png" alt="JAMBINAI - Colours of Ostrava" class="wp-image-12521" srcset="https://www.colours.cz/wp-content/uploads/2025/11/Frame-145-1.png 400w, https://www.colours.cz/wp-content/uploads/2025/11/Frame-145-1-300x120.png 300w" sizes="auto, (max-width: 400px) 100vw, 400px" /></a></figure>
</div>

<div class="wp-block-image">
<figure class="aligncenter size-large"><a href="https://kofice.or.kr/eng/main.do"><img loading="lazy" decoding="async" width="400" height="160" data-id="12518" src="https://www.colours.cz/wp-content/uploads/2025/11/Frame-146-1.png" alt="JAMBINAI - Colours of Ostrava" class="wp-image-12518" srcset="https://www.colours.cz/wp-content/uploads/2025/11/Frame-146-1.png 400w, https://www.colours.cz/wp-content/uploads/2025/11/Frame-146-1-300x120.png 300w" sizes="auto, (max-width: 400px) 100vw, 400px" /></a></figure>
</div>

<div class="wp-block-image">
<figure class="aligncenter size-large"><img loading="lazy" decoding="async" width="400" height="160" data-id="12515" src="https://www.colours.cz/wp-content/uploads/2025/11/Frame-147-1.png" alt="JAMBINAI - Colours of Ostrava" class="wp-image-12515" srcset="https://www.colours.cz/wp-content/uploads/2025/11/Frame-147-1.png 400w, https://www.colours.cz/wp-content/uploads/2025/11/Frame-147-1-300x120.png 300w" sizes="auto, (max-width: 400px) 100vw, 400px" /></figure>
</div></figure>

<!-- This site is optimized with the Yoast SEO plugin v25.3.1 - https://yoast.com/wordpress/plugins/seo/ -->
<title>JAMBINAI - Colours of Ostrava</title>
<meta name="description" content="Propojují post-rock a metal s tradičními korejskými nástroji a vytvářejí zvuk, který se nebojí emocí ani ticha. Zazijte je na Colours 2026." />
<meta name="robots" content="index, follow, max-snippet:-1, max-image-preview:large, max-video-preview:-1" />
<link rel="canonical" href="https://www.colours.cz/en/ucinkujici/jambinai/" />
<meta property="og:locale" content="en_US" />
<meta property="og:type" content="article" />
<meta property="og:title" content="JAMBINAI - Colours of Ostrava" />
<meta property="og:description" content="Propojují post-rock a metal s tradičními korejskými nástroji a vytvářejí zvuk, který se nebojí emocí ani ticha. Zazijte je na Colours 2026." />
<meta property="og:url" content="https://www.colours.cz/en/ucinkujici/jambinai/" />
<meta property="og:site_name" content="Colours of Ostrava" />
<meta property="article:modified_time" content="2026-03-17T13:55:45+00:00" />
<meta property="og:image" content="https://www.colours.cz/wp-content/uploads/2025/11/JAMBINAI01-scaled.jpg" />
	<meta property="og:image:width" content="2560" />
	<meta property="og:image:height" content="1978" />
	<meta property="og:image:type" content="image/jpeg" />
<meta name="twitter:card" content="summary_large_image" />
<meta name="twitter:label1" content="Est. reading time" />
	<meta name="twitter:data1" content="2 minutes" />
<!-- / Yoast SEO plugin. -->

Propojují post-rock a metal s tradičními korejskými nástroji a vytvářejí zvuk, který se nebojí emocí ani ticha. Zazijte je na Colours 2026.

Domů
