{"id":10600,"date":"2025-12-12T11:45:00","date_gmt":"2025-12-12T10:45:00","guid":{"rendered":"https:\/\/www.colours.cz\/?post_type=program&#038;p=10600"},"modified":"2026-03-18T10:42:46","modified_gmt":"2026-03-18T09:42:46","slug":"petr-toman","status":"publish","type":"program","link":"https:\/\/www.colours.cz\/en\/ucinkujici\/petr-toman\/","title":{"rendered":"PETR TOMAN"},"content":{"rendered":"\n<p>Jeho p\u0159\u00edstup stoj\u00ed na jednoduch\u00e9m principu: hudba m\u00e1 \u010dlov\u011bka v\u00e9st, ne p\u0159ehlu\u0161it. Tane\u010dn\u00ed vlna se u n\u011bj m\u011bn\u00ed v cestu od jemn\u011bj\u0161\u00edch rytm\u016f k siln\u011bj\u0161\u00edm moment\u016fm a zase zp\u011bt, aby si ka\u017ed\u00fd mohl naj\u00edt vlastn\u00ed tempo a vlastn\u00ed pro\u017eitek. Nejv\u00edc ho zaj\u00edm\u00e1 autenticita \u2013 kdy\u017e poslucha\u010d zapomene na okol\u00ed a nech\u00e1 se vt\u00e1hnout jen energi\u00ed a rytmem.<br\/><\/p>\n\n<figure class=\"wp-block-embed is-type-video is-provider-youtube wp-block-embed-youtube wp-embed-aspect-16-9 wp-has-aspect-ratio\"><div class=\"wp-block-embed__wrapper\">\n<iframe loading=\"lazy\" title=\"Healing Afterparty \ud83e\udeb6 | Petr Toman | Orlick\u00fd Ecstatic | Wild &amp; Spiritual Movement\" width=\"500\" height=\"281\" src=\"https:\/\/www.youtube.com\/embed\/zXopPOBtG1E?feature=oembed\" frameborder=\"0\" allow=\"accelerometer; autoplay; clipboard-write; encrypted-media; gyroscope; picture-in-picture; web-share\" referrerpolicy=\"strict-origin-when-cross-origin\" allowfullscreen><\/iframe>\n<\/div><\/figure>\n\n<p>Petr Toman tvo\u0159\u00ed hudebn\u00ed sety u\u017e od roku 1998 a od roku 2022 se naplno v\u011bnuje Ecstatic Dance, kter\u00fd ho p\u0159itahuje svou otev\u0159enost\u00ed a mo\u017enost\u00ed pracovat s emocemi p\u0159es rytmus. Krom\u011b spole\u010dn\u00e9ho projektu Orlick\u00fd Ecstatic, kter\u00fd rozv\u00edj\u00ed s Luci\u00ed Halani\u010dovou, vystupuje i samostatn\u011b \u2013 a\u0165 u\u017e v klubech nebo na komunitn\u00edch akc\u00edch. Jeho s\u00f3lov\u00e9 sety jsou postaven\u00e9 na osobn\u00edm rukopisu: citliv\u00e1 pr\u00e1ce s tempem, d\u016fraz na atmosf\u00e9ru a schopnost v\u00e9st publikum bez jedin\u00e9ho slova.<br\/><\/p>\n\n<p><\/p>\n","protected":false},"excerpt":{"rendered":"<p>Music that draws you into movement and lets you disappear from the world for a while.<\/p>\n","protected":false},"featured_media":10573,"menu_order":0,"template":"","meta":[],"program-year":[456],"program-category":[120],"program-genre":[329],"program-country":[256],"class_list":["post-10600","program","type-program","status-publish","has-post-thumbnail","hentry","program-category-music-programme","program-genre-alternative-en","program-country-cesko-en"],"yoast_head":"<!-- This site is optimized with the Yoast SEO plugin v25.3.1 - https:\/\/yoast.com\/wordpress\/plugins\/seo\/ -->\n<title>PETR TOMAN - Colours of Ostrava<\/title>\n<meta name=\"robots\" content=\"index, follow, max-snippet:-1, max-image-preview:large, max-video-preview:-1\" \/>\n<link rel=\"canonical\" href=\"https:\/\/www.colours.cz\/en\/ucinkujici\/petr-toman\/\" \/>\n<meta property=\"og:locale\" content=\"en_US\" \/>\n<meta property=\"og:type\" content=\"article\" \/>\n<meta property=\"og:title\" content=\"PETR TOMAN - Colours of Ostrava\" \/>\n<meta property=\"og:description\" content=\"Music that draws you into movement and lets you disappear from the world for a while.\" \/>\n<meta property=\"og:url\" content=\"https:\/\/www.colours.cz\/en\/ucinkujici\/petr-toman\/\" \/>\n<meta property=\"og:site_name\" content=\"Colours of Ostrava\" \/>\n<meta property=\"article:modified_time\" content=\"2026-03-18T09:42:46+00:00\" \/>\n<meta property=\"og:image\" content=\"https:\/\/www.colours.cz\/wp-content\/uploads\/2025\/12\/ecstatic-petra-a-luca-web-137-e1765536157256.jpg\" \/>\n\t<meta property=\"og:image:width\" content=\"1365\" \/>\n\t<meta property=\"og:image:height\" content=\"768\" \/>\n\t<meta property=\"og:image:type\" content=\"image\/jpeg\" \/>\n<meta name=\"twitter:card\" content=\"summary_large_image\" \/>\n<meta name=\"twitter:label1\" content=\"Est. reading time\" \/>\n\t<meta name=\"twitter:data1\" content=\"1 minute\" \/>\n<!-- \/ Yoast SEO plugin. -->","yoast_head_json":{"title":"PETR TOMAN - Colours of Ostrava","robots":{"index":"index","follow":"follow","max-snippet":"max-snippet:-1","max-image-preview":"max-image-preview:large","max-video-preview":"max-video-preview:-1"},"canonical":"https:\/\/www.colours.cz\/en\/ucinkujici\/petr-toman\/","og_locale":"en_US","og_type":"article","og_title":"PETR TOMAN - Colours of Ostrava","og_description":"Music that draws you into movement and lets you disappear from the world for a while.","og_url":"https:\/\/www.colours.cz\/en\/ucinkujici\/petr-toman\/","og_site_name":"Colours of Ostrava","article_modified_time":"2026-03-18T09:42:46+00:00","og_image":[{"width":1365,"height":768,"url":"https:\/\/www.colours.cz\/wp-content\/uploads\/2025\/12\/ecstatic-petra-a-luca-web-137-e1765536157256.jpg","type":"image\/jpeg"}],"twitter_card":"summary_large_image","twitter_misc":{"Est. reading time":"1 minute"},"schema":{"@context":"https:\/\/schema.org","@graph":[{"@type":"WebPage","@id":"https:\/\/www.colours.cz\/en\/ucinkujici\/petr-toman\/","url":"https:\/\/www.colours.cz\/en\/ucinkujici\/petr-toman\/","name":"PETR TOMAN - Colours of Ostrava","isPartOf":{"@id":"https:\/\/www.colours.cz\/en\/#website"},"primaryImageOfPage":{"@id":"https:\/\/www.colours.cz\/en\/ucinkujici\/petr-toman\/#primaryimage"},"image":{"@id":"https:\/\/www.colours.cz\/en\/ucinkujici\/petr-toman\/#primaryimage"},"thumbnailUrl":"https:\/\/www.colours.cz\/wp-content\/uploads\/2025\/12\/ecstatic-petra-a-luca-web-137-e1765536157256.jpg","datePublished":"2025-12-12T10:45:00+00:00","dateModified":"2026-03-18T09:42:46+00:00","breadcrumb":{"@id":"https:\/\/www.colours.cz\/en\/ucinkujici\/petr-toman\/#breadcrumb"},"inLanguage":"en-US","potentialAction":[{"@type":"ReadAction","target":["https:\/\/www.colours.cz\/en\/ucinkujici\/petr-toman\/"]}]},{"@type":"ImageObject","inLanguage":"en-US","@id":"https:\/\/www.colours.cz\/en\/ucinkujici\/petr-toman\/#primaryimage","url":"https:\/\/www.colours.cz\/wp-content\/uploads\/2025\/12\/ecstatic-petra-a-luca-web-137-e1765536157256.jpg","contentUrl":"https:\/\/www.colours.cz\/wp-content\/uploads\/2025\/12\/ecstatic-petra-a-luca-web-137-e1765536157256.jpg","width":1365,"height":768},{"@type":"BreadcrumbList","@id":"https:\/\/www.colours.cz\/en\/ucinkujici\/petr-toman\/#breadcrumb","itemListElement":[{"@type":"ListItem","position":1,"name":"Dom\u016f","item":"https:\/\/www.colours.cz\/en\/"},{"@type":"ListItem","position":2,"name":"PETR TOMAN"}]},{"@type":"WebSite","@id":"https:\/\/www.colours.cz\/en\/#website","url":"https:\/\/www.colours.cz\/en\/","name":"Colours of Ostrava","description":"","potentialAction":[{"@type":"SearchAction","target":{"@type":"EntryPoint","urlTemplate":"https:\/\/www.colours.cz\/en\/?s={search_term_string}"},"query-input":{"@type":"PropertyValueSpecification","valueRequired":true,"valueName":"search_term_string"}}],"inLanguage":"en-US"}]}},"program-params-interpret-block-order":"0","program-params-thumbnail-mobile-id":"","program-params-sign-language-available":"0","program-params-timeline-description":"","program-tickets-not-included":"0","program-events-items-ids":[{"program-event-items-date-start":"18.07.2026 23:00","program-event-items-date-end":"","program-event-items-date-length":"0","program-event-items-place":"6484"}],"program-spotify-iframe":"","program-spotify-position":"center","program-socials-facebook":"","program-socials-youtube":"","program-socials-spotify":"","program-socials-instagram":"","program-socials-threads":"","program-socials-tiktok":"","program-socials-linkedin":"","program-gallery-items-ids":[{"program-items-url":"","program-items-title":"","program-items-description":"","program-items-duration":"","program-items-image-id":""}],"program-discover-title":"","program-discover-show-in-modal":"0","program-discover-items-ids":"","_links":{"self":[{"href":"https:\/\/www.colours.cz\/en\/wp-json\/wp\/v2\/program\/10600","targetHints":{"allow":["GET"]}}],"collection":[{"href":"https:\/\/www.colours.cz\/en\/wp-json\/wp\/v2\/program"}],"about":[{"href":"https:\/\/www.colours.cz\/en\/wp-json\/wp\/v2\/types\/program"}],"wp:featuredmedia":[{"embeddable":true,"href":"https:\/\/www.colours.cz\/en\/wp-json\/wp\/v2\/media\/10573"}],"wp:attachment":[{"href":"https:\/\/www.colours.cz\/en\/wp-json\/wp\/v2\/media?parent=10600"}],"wp:term":[{"taxonomy":"program-year","embeddable":true,"href":"https:\/\/www.colours.cz\/en\/wp-json\/wp\/v2\/program-year?post=10600"},{"taxonomy":"program-category","embeddable":true,"href":"https:\/\/www.colours.cz\/en\/wp-json\/wp\/v2\/program-category?post=10600"},{"taxonomy":"program-genre","embeddable":true,"href":"https:\/\/www.colours.cz\/en\/wp-json\/wp\/v2\/program-genre?post=10600"},{"taxonomy":"program-country","embeddable":true,"href":"https:\/\/www.colours.cz\/en\/wp-json\/wp\/v2\/program-country?post=10600"}],"curies":[{"name":"wp","href":"https:\/\/api.w.org\/{rel}","templated":true}]}}

<p>Jeho přístup stojí na jednoduchém principu: hudba má člověka vést, ne přehlušit. Taneční vlna se u něj mění v cestu od jemnějších rytmů k silnějším momentům a zase zpět, aby si každý mohl najít vlastní tempo a vlastní prožitek. Nejvíc ho zajímá autenticita – když posluchač zapomene na okolí a nechá se vtáhnout jen energií a rytmem.<br/></p>

<figure class="wp-block-embed is-type-video is-provider-youtube wp-block-embed-youtube wp-embed-aspect-16-9 wp-has-aspect-ratio"><div class="wp-block-embed__wrapper">
<iframe loading="lazy" title="Healing Afterparty 🪶 | Petr Toman | Orlický Ecstatic | Wild &amp; Spiritual Movement" width="500" height="281" src="https://www.youtube.com/embed/zXopPOBtG1E?feature=oembed" frameborder="0" allow="accelerometer; autoplay; clipboard-write; encrypted-media; gyroscope; picture-in-picture; web-share" referrerpolicy="strict-origin-when-cross-origin" allowfullscreen></iframe>
</div></figure>

<p>Petr Toman tvoří hudební sety už od roku 1998 a od roku 2022 se naplno věnuje Ecstatic Dance, který ho přitahuje svou otevřeností a možností pracovat s emocemi přes rytmus. Kromě společného projektu Orlický Ecstatic, který rozvíjí s Lucií Halaničovou, vystupuje i samostatně – ať už v klubech nebo na komunitních akcích. Jeho sólové sety jsou postavené na osobním rukopisu: citlivá práce s tempem, důraz na atmosféru a schopnost vést publikum bez jediného slova.<br/></p>

<p></p>

Domů
