{"id":10592,"date":"2025-12-12T11:40:00","date_gmt":"2025-12-12T10:40:00","guid":{"rendered":"https:\/\/www.colours.cz\/?post_type=program&#038;p=10592"},"modified":"2026-03-16T14:16:40","modified_gmt":"2026-03-16T13:16:40","slug":"laboratoritum-piesni","status":"publish","type":"program","link":"https:\/\/www.colours.cz\/en\/ucinkujici\/laboratoritum-piesni\/","title":{"rendered":"LABORATORITUM PIESNI"},"content":{"rendered":"\n<figure class=\"wp-block-embed is-type-rich is-provider-spotify wp-block-embed-spotify wp-embed-aspect-21-9 wp-has-aspect-ratio\"><div class=\"wp-block-embed__wrapper\">\n<iframe title=\"Spotify Embed: Laboratorium Pie\u015bni\" style=\"border-radius: 12px\" width=\"100%\" height=\"352\" frameborder=\"0\" allowfullscreen allow=\"autoplay; clipboard-write; encrypted-media; fullscreen; picture-in-picture\" loading=\"lazy\" src=\"https:\/\/open.spotify.com\/embed\/artist\/0dJ5KNObzuV2aK76ucVV1l?si=dbkSvLehS0GZVVNeTwRylg&amp;utm_source=oembed\"><\/iframe>\n<\/div><\/figure>\n\n<p>Polsk\u00fd \u017eensk\u00fd vok\u00e1ln\u00ed soubor pracuj\u00edc\u00ed s tradi\u010dn\u00edm polyfonn\u00edm zp\u011bvem a cappella. Ve sv\u00fdch skladb\u00e1ch propojuj\u00ed p\u00edsn\u011b z r\u016fzn\u00fdch kout\u016f sv\u011bta \u2013 od slovansk\u00fdch a balk\u00e1nsk\u00fdch tradic p\u0159es Gruzii a\u017e po p\u00edsn\u011b p\u016fvodn\u00edch kultur \u2013 s rytmem \u0161amansk\u00fdch bubn\u016f a jemn\u00fdmi etnick\u00fdmi n\u00e1stroji. Jejich hudba stoj\u00ed na pr\u00e1ci s hlasem, harmoni\u00ed a siln\u00e9m napojen\u00ed na p\u0159\u00edrodu a ritu\u00e1l.<br\/><\/p>\n\n<figure class=\"wp-block-embed is-type-video is-provider-youtube wp-block-embed-youtube wp-embed-aspect-16-9 wp-has-aspect-ratio\"><div class=\"wp-block-embed__wrapper\">\n<iframe loading=\"lazy\" title=\"Laboratorium Pie\u015bni - Sztoj pa moru (\u0428\u0442\u043e \u0439 \u043f\u0430 \u043c\u043e\u0440\u0443)\" width=\"500\" height=\"281\" src=\"https:\/\/www.youtube.com\/embed\/04fEWQOwUD4?feature=oembed\" frameborder=\"0\" allow=\"accelerometer; autoplay; clipboard-write; encrypted-media; gyroscope; picture-in-picture; web-share\" referrerpolicy=\"strict-origin-when-cross-origin\" allowfullscreen><\/iframe>\n<\/div><\/figure>\n\n<p>Soubor vznikl v roce 2013 a od t\u00e9 doby vystupoval ve v\u00edce ne\u017e dvaceti zem\u00edch sv\u011bta. Jejich video s tradi\u010dn\u00ed p\u00edsn\u00ed Sztoj pa moru m\u00e1 p\u0159es 17 milion\u016f zhl\u00e9dnut\u00ed a p\u0159ivedlo k Laboratorium Pie\u015bni \u0161irok\u00e9 mezin\u00e1rodn\u00ed publikum. Maj\u00ed za sebou dv\u011b alba nominovan\u00e1 na cenu Fryderyk a spolupr\u00e1ce s v\u00fdrazn\u00fdmi osobnostmi polsk\u00e9 hudebn\u00ed sc\u00e9ny, v\u010detn\u011b projektu The Peasants \u2013 polsk\u00e9ho kandid\u00e1ta na Oscara. Jejich vystoupen\u00ed stav\u00ed na s\u00edle \u017eensk\u00fdch hlas\u016f, soust\u0159ed\u011bn\u00ed a intenzit\u011b spole\u010dn\u00e9ho okam\u017eiku.<\/p>\n","protected":false},"excerpt":{"rendered":"<p>Traditional songs and rituals in a contemporary female interpretation.<\/p>\n","protected":false},"featured_media":10570,"menu_order":0,"template":"","meta":[],"program-year":[456],"program-category":[120],"program-genre":[244,329,335],"program-country":[230],"class_list":["post-10592","program","type-program","status-publish","has-post-thumbnail","hentry","program-category-music-programme","program-genre-acoustic-en","program-genre-alternative-en","program-genre-folk-en","program-country-polsko-en"],"yoast_head":"<!-- This site is optimized with the Yoast SEO plugin v25.3.1 - https:\/\/yoast.com\/wordpress\/plugins\/seo\/ -->\n<title>LABORATORITUM PIESNI - Colours of Ostrava<\/title>\n<meta name=\"robots\" content=\"index, follow, max-snippet:-1, max-image-preview:large, max-video-preview:-1\" \/>\n<link rel=\"canonical\" href=\"https:\/\/www.colours.cz\/en\/ucinkujici\/laboratoritum-piesni\/\" \/>\n<meta property=\"og:locale\" content=\"en_US\" \/>\n<meta property=\"og:type\" content=\"article\" \/>\n<meta property=\"og:title\" content=\"LABORATORITUM PIESNI - Colours of Ostrava\" \/>\n<meta property=\"og:description\" content=\"Traditional songs and rituals in a contemporary female interpretation.\" \/>\n<meta property=\"og:url\" content=\"https:\/\/www.colours.cz\/en\/ucinkujici\/laboratoritum-piesni\/\" \/>\n<meta property=\"og:site_name\" content=\"Colours of Ostrava\" \/>\n<meta property=\"article:modified_time\" content=\"2026-03-16T13:16:40+00:00\" \/>\n<meta property=\"og:image\" content=\"https:\/\/www.colours.cz\/wp-content\/uploads\/2025\/12\/fot.-Anna-Maria-Biniecka_4-scaled-e1765535496416.jpg\" \/>\n\t<meta property=\"og:image:width\" content=\"2560\" \/>\n\t<meta property=\"og:image:height\" content=\"1442\" \/>\n\t<meta property=\"og:image:type\" content=\"image\/jpeg\" \/>\n<meta name=\"twitter:card\" content=\"summary_large_image\" \/>\n<meta name=\"twitter:label1\" content=\"Est. reading time\" \/>\n\t<meta name=\"twitter:data1\" content=\"1 minute\" \/>\n<!-- \/ Yoast SEO plugin. -->","yoast_head_json":{"title":"LABORATORITUM PIESNI - Colours of Ostrava","robots":{"index":"index","follow":"follow","max-snippet":"max-snippet:-1","max-image-preview":"max-image-preview:large","max-video-preview":"max-video-preview:-1"},"canonical":"https:\/\/www.colours.cz\/en\/ucinkujici\/laboratoritum-piesni\/","og_locale":"en_US","og_type":"article","og_title":"LABORATORITUM PIESNI - Colours of Ostrava","og_description":"Traditional songs and rituals in a contemporary female interpretation.","og_url":"https:\/\/www.colours.cz\/en\/ucinkujici\/laboratoritum-piesni\/","og_site_name":"Colours of Ostrava","article_modified_time":"2026-03-16T13:16:40+00:00","og_image":[{"width":2560,"height":1442,"url":"https:\/\/www.colours.cz\/wp-content\/uploads\/2025\/12\/fot.-Anna-Maria-Biniecka_4-scaled-e1765535496416.jpg","type":"image\/jpeg"}],"twitter_card":"summary_large_image","twitter_misc":{"Est. reading time":"1 minute"},"schema":{"@context":"https:\/\/schema.org","@graph":[{"@type":"WebPage","@id":"https:\/\/www.colours.cz\/en\/ucinkujici\/laboratoritum-piesni\/","url":"https:\/\/www.colours.cz\/en\/ucinkujici\/laboratoritum-piesni\/","name":"LABORATORITUM PIESNI - Colours of Ostrava","isPartOf":{"@id":"https:\/\/www.colours.cz\/en\/#website"},"primaryImageOfPage":{"@id":"https:\/\/www.colours.cz\/en\/ucinkujici\/laboratoritum-piesni\/#primaryimage"},"image":{"@id":"https:\/\/www.colours.cz\/en\/ucinkujici\/laboratoritum-piesni\/#primaryimage"},"thumbnailUrl":"https:\/\/www.colours.cz\/wp-content\/uploads\/2025\/12\/fot.-Anna-Maria-Biniecka_4-scaled-e1765535496416.jpg","datePublished":"2025-12-12T10:40:00+00:00","dateModified":"2026-03-16T13:16:40+00:00","breadcrumb":{"@id":"https:\/\/www.colours.cz\/en\/ucinkujici\/laboratoritum-piesni\/#breadcrumb"},"inLanguage":"en-US","potentialAction":[{"@type":"ReadAction","target":["https:\/\/www.colours.cz\/en\/ucinkujici\/laboratoritum-piesni\/"]}]},{"@type":"ImageObject","inLanguage":"en-US","@id":"https:\/\/www.colours.cz\/en\/ucinkujici\/laboratoritum-piesni\/#primaryimage","url":"https:\/\/www.colours.cz\/wp-content\/uploads\/2025\/12\/fot.-Anna-Maria-Biniecka_4-scaled-e1765535496416.jpg","contentUrl":"https:\/\/www.colours.cz\/wp-content\/uploads\/2025\/12\/fot.-Anna-Maria-Biniecka_4-scaled-e1765535496416.jpg","width":2560,"height":1442},{"@type":"BreadcrumbList","@id":"https:\/\/www.colours.cz\/en\/ucinkujici\/laboratoritum-piesni\/#breadcrumb","itemListElement":[{"@type":"ListItem","position":1,"name":"Dom\u016f","item":"https:\/\/www.colours.cz\/en\/"},{"@type":"ListItem","position":2,"name":"LABORATORITUM PIESNI"}]},{"@type":"WebSite","@id":"https:\/\/www.colours.cz\/en\/#website","url":"https:\/\/www.colours.cz\/en\/","name":"Colours of Ostrava","description":"","potentialAction":[{"@type":"SearchAction","target":{"@type":"EntryPoint","urlTemplate":"https:\/\/www.colours.cz\/en\/?s={search_term_string}"},"query-input":{"@type":"PropertyValueSpecification","valueRequired":true,"valueName":"search_term_string"}}],"inLanguage":"en-US"}]}},"program-params-interpret-block-order":"0","program-params-thumbnail-mobile-id":"","program-params-sign-language-available":"0","program-params-timeline-description":"","program-tickets-not-included":"0","program-events-items-ids":[{"program-event-items-date-start":"16.07.2026 17:00","program-event-items-date-end":"","program-event-items-date-length":"0","program-event-items-place":"6484"}],"program-spotify-iframe":"","program-spotify-position":"center","program-socials-facebook":"","program-socials-youtube":"","program-socials-spotify":"","program-socials-instagram":"","program-socials-threads":"","program-socials-tiktok":"","program-socials-linkedin":"","program-gallery-items-ids":[{"program-items-url":"","program-items-title":"","program-items-description":"","program-items-duration":"","program-items-image-id":""}],"program-discover-title":"","program-discover-show-in-modal":"0","program-discover-items-ids":"","_links":{"self":[{"href":"https:\/\/www.colours.cz\/en\/wp-json\/wp\/v2\/program\/10592","targetHints":{"allow":["GET"]}}],"collection":[{"href":"https:\/\/www.colours.cz\/en\/wp-json\/wp\/v2\/program"}],"about":[{"href":"https:\/\/www.colours.cz\/en\/wp-json\/wp\/v2\/types\/program"}],"wp:featuredmedia":[{"embeddable":true,"href":"https:\/\/www.colours.cz\/en\/wp-json\/wp\/v2\/media\/10570"}],"wp:attachment":[{"href":"https:\/\/www.colours.cz\/en\/wp-json\/wp\/v2\/media?parent=10592"}],"wp:term":[{"taxonomy":"program-year","embeddable":true,"href":"https:\/\/www.colours.cz\/en\/wp-json\/wp\/v2\/program-year?post=10592"},{"taxonomy":"program-category","embeddable":true,"href":"https:\/\/www.colours.cz\/en\/wp-json\/wp\/v2\/program-category?post=10592"},{"taxonomy":"program-genre","embeddable":true,"href":"https:\/\/www.colours.cz\/en\/wp-json\/wp\/v2\/program-genre?post=10592"},{"taxonomy":"program-country","embeddable":true,"href":"https:\/\/www.colours.cz\/en\/wp-json\/wp\/v2\/program-country?post=10592"}],"curies":[{"name":"wp","href":"https:\/\/api.w.org\/{rel}","templated":true}]}}

<figure class="wp-block-embed is-type-rich is-provider-spotify wp-block-embed-spotify wp-embed-aspect-21-9 wp-has-aspect-ratio"><div class="wp-block-embed__wrapper">
<iframe title="Spotify Embed: Laboratorium Pieśni" style="border-radius: 12px" width="100%" height="352" frameborder="0" allowfullscreen allow="autoplay; clipboard-write; encrypted-media; fullscreen; picture-in-picture" loading="lazy" src="https://open.spotify.com/embed/artist/0dJ5KNObzuV2aK76ucVV1l?si=dbkSvLehS0GZVVNeTwRylg&amp;utm_source=oembed"></iframe>
</div></figure>

<p>Polský ženský vokální soubor pracující s tradičním polyfonním zpěvem a cappella. Ve svých skladbách propojují písně z různých koutů světa – od slovanských a balkánských tradic přes Gruzii až po písně původních kultur – s rytmem šamanských bubnů a jemnými etnickými nástroji. Jejich hudba stojí na práci s hlasem, harmonií a silném napojení na přírodu a rituál.<br/></p>

<figure class="wp-block-embed is-type-video is-provider-youtube wp-block-embed-youtube wp-embed-aspect-16-9 wp-has-aspect-ratio"><div class="wp-block-embed__wrapper">
<iframe loading="lazy" title="Laboratorium Pieśni - Sztoj pa moru (Што й па мору)" width="500" height="281" src="https://www.youtube.com/embed/04fEWQOwUD4?feature=oembed" frameborder="0" allow="accelerometer; autoplay; clipboard-write; encrypted-media; gyroscope; picture-in-picture; web-share" referrerpolicy="strict-origin-when-cross-origin" allowfullscreen></iframe>
</div></figure>

<p>Soubor vznikl v roce 2013 a od té doby vystupoval ve více než dvaceti zemích světa. Jejich video s tradiční písní Sztoj pa moru má přes 17 milionů zhlédnutí a přivedlo k Laboratorium Pieśni široké mezinárodní publikum. Mají za sebou dvě alba nominovaná na cenu Fryderyk a spolupráce s výraznými osobnostmi polské hudební scény, včetně projektu The Peasants – polského kandidáta na Oscara. Jejich vystoupení staví na síle ženských hlasů, soustředění a intenzitě společného okamžiku.</p>

Domů
