{"id":10590,"date":"2025-12-12T11:30:00","date_gmt":"2025-12-12T10:30:00","guid":{"rendered":"https:\/\/www.colours.cz\/?post_type=program&#038;p=10590"},"modified":"2026-03-16T14:18:25","modified_gmt":"2026-03-16T13:18:25","slug":"orka","status":"publish","type":"program","link":"https:\/\/www.colours.cz\/en\/ucinkujici\/orka\/","title":{"rendered":"ORKA"},"content":{"rendered":"\n<figure class=\"wp-block-embed is-type-rich is-provider-spotify wp-block-embed-spotify wp-embed-aspect-21-9 wp-has-aspect-ratio\"><div class=\"wp-block-embed__wrapper\">\n<iframe title=\"Spotify Embed: Orka\" style=\"border-radius: 12px\" width=\"100%\" height=\"352\" frameborder=\"0\" allowfullscreen allow=\"autoplay; clipboard-write; encrypted-media; fullscreen; picture-in-picture\" loading=\"lazy\" src=\"https:\/\/open.spotify.com\/embed\/artist\/694axYJ7pjeqqmZOl6NALd?si=bhwjPaz2RxuwgksmFuz1Dw&amp;utm_source=oembed\"><\/iframe>\n<\/div><\/figure>\n\n<p>Orka je hudebnice, zp\u011bva\u010dka a autorka, kter\u00e1 pracuje s hlasem jako s n\u00e1strojem l\u00e9\u010den\u00ed, propojen\u00ed a sebepozn\u00e1n\u00ed. Ve sv\u00e9 tvorb\u011b propojuje p\u00edsn\u011b, ritu\u00e1ln\u00ed prvky a pr\u00e1ci s publikem tak, aby vznikl prostor pro skute\u010dn\u00fd pro\u017eitek p\u0159\u00edtomn\u00e9ho okam\u017eiku. Dlouhodob\u011b se v\u011bnuje zp\u011bvn\u00fdm kruh\u016fm, ceremoni\u00e1ln\u00ed hudb\u011b a koncert\u016fm, kde se hranice mezi p\u00f3diem a publikem p\u0159irozen\u011b st\u00edraj\u00ed.<br\/><\/p>\n\n<figure class=\"wp-block-embed is-type-video is-provider-youtube wp-block-embed-youtube wp-embed-aspect-16-9 wp-has-aspect-ratio\"><div class=\"wp-block-embed__wrapper\">\n<iframe loading=\"lazy\" title=\"Orka - Sirenita Bobinsana\" width=\"500\" height=\"281\" src=\"https:\/\/www.youtube.com\/embed\/eTsrHka8j5E?feature=oembed\" frameborder=\"0\" allow=\"accelerometer; autoplay; clipboard-write; encrypted-media; gyroscope; picture-in-picture; web-share\" referrerpolicy=\"strict-origin-when-cross-origin\" allowfullscreen><\/iframe>\n<\/div><\/figure>\n\n<p>B\u011bhem v\u00edce ne\u017e patn\u00e1cti let vystupovala na festivalech po cel\u00e9m sv\u011bt\u011b, vedla tis\u00edce lid\u00ed k objevov\u00e1n\u00ed vlastn\u00edho hlasu a vytvo\u0159ila n\u011bkolik v\u00fdrazn\u00fdch projekt\u016f, mimo jin\u00e9 Orot a Forestt. M\u00e1 za sebou \u010dty\u0159i alba, TEDx vystoupen\u00ed a aktivn\u00ed roli l\u00eddryn\u011b ve sv\u00e9 komunit\u011b. Aktu\u00e1ln\u011b p\u0159edstavuje novou tvorbu vznikaj\u00edc\u00ed ve spolupr\u00e1ci s klav\u00edristou Stavem Goldbergem. Orka p\u0159in\u00e1\u0161\u00ed hudbu, kter\u00e1 otev\u00edr\u00e1 srdce.<\/p>\n","protected":false},"excerpt":{"rendered":"<p>Music that opens the voice, the heart, and the space between people.<\/p>\n","protected":false},"featured_media":10588,"menu_order":0,"template":"","meta":[],"program-year":[456],"program-category":[120],"program-genre":[244,329,347],"program-country":[122],"class_list":["post-10590","program","type-program","status-publish","has-post-thumbnail","hentry","program-category-music-programme","program-genre-acoustic-en","program-genre-alternative-en","program-genre-spiritual-en","program-country-izrael-en"],"yoast_head":"<!-- This site is optimized with the Yoast SEO plugin v25.3.1 - https:\/\/yoast.com\/wordpress\/plugins\/seo\/ -->\n<title>ORKA - Colours of Ostrava<\/title>\n<meta name=\"robots\" content=\"index, follow, max-snippet:-1, max-image-preview:large, max-video-preview:-1\" \/>\n<link rel=\"canonical\" href=\"https:\/\/www.colours.cz\/en\/ucinkujici\/orka\/\" \/>\n<meta property=\"og:locale\" content=\"en_US\" \/>\n<meta property=\"og:type\" content=\"article\" \/>\n<meta property=\"og:title\" content=\"ORKA - Colours of Ostrava\" \/>\n<meta property=\"og:description\" content=\"Music that opens the voice, the heart, and the space between people.\" \/>\n<meta property=\"og:url\" content=\"https:\/\/www.colours.cz\/en\/ucinkujici\/orka\/\" \/>\n<meta property=\"og:site_name\" content=\"Colours of Ostrava\" \/>\n<meta property=\"article:modified_time\" content=\"2026-03-16T13:18:25+00:00\" \/>\n<meta property=\"og:image\" content=\"https:\/\/www.colours.cz\/wp-content\/uploads\/2025\/12\/credit-tal-alkalai-9-scaled-e1765534989193.jpg\" \/>\n\t<meta property=\"og:image:width\" content=\"1707\" \/>\n\t<meta property=\"og:image:height\" content=\"2560\" \/>\n\t<meta property=\"og:image:type\" content=\"image\/jpeg\" \/>\n<meta name=\"twitter:card\" content=\"summary_large_image\" \/>\n<meta name=\"twitter:label1\" content=\"Est. reading time\" \/>\n\t<meta name=\"twitter:data1\" content=\"1 minute\" \/>\n<!-- \/ Yoast SEO plugin. -->","yoast_head_json":{"title":"ORKA - Colours of Ostrava","robots":{"index":"index","follow":"follow","max-snippet":"max-snippet:-1","max-image-preview":"max-image-preview:large","max-video-preview":"max-video-preview:-1"},"canonical":"https:\/\/www.colours.cz\/en\/ucinkujici\/orka\/","og_locale":"en_US","og_type":"article","og_title":"ORKA - Colours of Ostrava","og_description":"Music that opens the voice, the heart, and the space between people.","og_url":"https:\/\/www.colours.cz\/en\/ucinkujici\/orka\/","og_site_name":"Colours of Ostrava","article_modified_time":"2026-03-16T13:18:25+00:00","og_image":[{"width":1707,"height":2560,"url":"https:\/\/www.colours.cz\/wp-content\/uploads\/2025\/12\/credit-tal-alkalai-9-scaled-e1765534989193.jpg","type":"image\/jpeg"}],"twitter_card":"summary_large_image","twitter_misc":{"Est. reading time":"1 minute"},"schema":{"@context":"https:\/\/schema.org","@graph":[{"@type":"WebPage","@id":"https:\/\/www.colours.cz\/en\/ucinkujici\/orka\/","url":"https:\/\/www.colours.cz\/en\/ucinkujici\/orka\/","name":"ORKA - Colours of Ostrava","isPartOf":{"@id":"https:\/\/www.colours.cz\/en\/#website"},"primaryImageOfPage":{"@id":"https:\/\/www.colours.cz\/en\/ucinkujici\/orka\/#primaryimage"},"image":{"@id":"https:\/\/www.colours.cz\/en\/ucinkujici\/orka\/#primaryimage"},"thumbnailUrl":"https:\/\/www.colours.cz\/wp-content\/uploads\/2025\/12\/credit-tal-alkalai-9-scaled-e1765534989193.jpg","datePublished":"2025-12-12T10:30:00+00:00","dateModified":"2026-03-16T13:18:25+00:00","breadcrumb":{"@id":"https:\/\/www.colours.cz\/en\/ucinkujici\/orka\/#breadcrumb"},"inLanguage":"en-US","potentialAction":[{"@type":"ReadAction","target":["https:\/\/www.colours.cz\/en\/ucinkujici\/orka\/"]}]},{"@type":"ImageObject","inLanguage":"en-US","@id":"https:\/\/www.colours.cz\/en\/ucinkujici\/orka\/#primaryimage","url":"https:\/\/www.colours.cz\/wp-content\/uploads\/2025\/12\/credit-tal-alkalai-9-scaled-e1765534989193.jpg","contentUrl":"https:\/\/www.colours.cz\/wp-content\/uploads\/2025\/12\/credit-tal-alkalai-9-scaled-e1765534989193.jpg","width":1707,"height":2560},{"@type":"BreadcrumbList","@id":"https:\/\/www.colours.cz\/en\/ucinkujici\/orka\/#breadcrumb","itemListElement":[{"@type":"ListItem","position":1,"name":"Dom\u016f","item":"https:\/\/www.colours.cz\/en\/"},{"@type":"ListItem","position":2,"name":"ORKA"}]},{"@type":"WebSite","@id":"https:\/\/www.colours.cz\/en\/#website","url":"https:\/\/www.colours.cz\/en\/","name":"Colours of Ostrava","description":"","potentialAction":[{"@type":"SearchAction","target":{"@type":"EntryPoint","urlTemplate":"https:\/\/www.colours.cz\/en\/?s={search_term_string}"},"query-input":{"@type":"PropertyValueSpecification","valueRequired":true,"valueName":"search_term_string"}}],"inLanguage":"en-US"}]}},"program-params-interpret-block-order":"0","program-params-thumbnail-mobile-id":"","program-params-sign-language-available":"0","program-params-timeline-description":"","program-tickets-not-included":"0","program-events-items-ids":[{"program-event-items-date-start":"17.07.2026 18:00","program-event-items-date-end":"","program-event-items-date-length":"0","program-event-items-place":"6484"}],"program-spotify-iframe":"","program-spotify-position":"center","program-socials-facebook":"","program-socials-youtube":"","program-socials-spotify":"","program-socials-instagram":"","program-socials-threads":"","program-socials-tiktok":"","program-socials-linkedin":"","program-gallery-items-ids":[{"program-items-url":"","program-items-title":"","program-items-description":"","program-items-duration":"","program-items-image-id":""}],"program-discover-title":"","program-discover-show-in-modal":"0","program-discover-items-ids":"","_links":{"self":[{"href":"https:\/\/www.colours.cz\/en\/wp-json\/wp\/v2\/program\/10590","targetHints":{"allow":["GET"]}}],"collection":[{"href":"https:\/\/www.colours.cz\/en\/wp-json\/wp\/v2\/program"}],"about":[{"href":"https:\/\/www.colours.cz\/en\/wp-json\/wp\/v2\/types\/program"}],"wp:featuredmedia":[{"embeddable":true,"href":"https:\/\/www.colours.cz\/en\/wp-json\/wp\/v2\/media\/10588"}],"wp:attachment":[{"href":"https:\/\/www.colours.cz\/en\/wp-json\/wp\/v2\/media?parent=10590"}],"wp:term":[{"taxonomy":"program-year","embeddable":true,"href":"https:\/\/www.colours.cz\/en\/wp-json\/wp\/v2\/program-year?post=10590"},{"taxonomy":"program-category","embeddable":true,"href":"https:\/\/www.colours.cz\/en\/wp-json\/wp\/v2\/program-category?post=10590"},{"taxonomy":"program-genre","embeddable":true,"href":"https:\/\/www.colours.cz\/en\/wp-json\/wp\/v2\/program-genre?post=10590"},{"taxonomy":"program-country","embeddable":true,"href":"https:\/\/www.colours.cz\/en\/wp-json\/wp\/v2\/program-country?post=10590"}],"curies":[{"name":"wp","href":"https:\/\/api.w.org\/{rel}","templated":true}]}}

<figure class="wp-block-embed is-type-rich is-provider-spotify wp-block-embed-spotify wp-embed-aspect-21-9 wp-has-aspect-ratio"><div class="wp-block-embed__wrapper">
<iframe title="Spotify Embed: Orka" style="border-radius: 12px" width="100%" height="352" frameborder="0" allowfullscreen allow="autoplay; clipboard-write; encrypted-media; fullscreen; picture-in-picture" loading="lazy" src="https://open.spotify.com/embed/artist/694axYJ7pjeqqmZOl6NALd?si=bhwjPaz2RxuwgksmFuz1Dw&amp;utm_source=oembed"></iframe>
</div></figure>

<p>Orka je hudebnice, zpěvačka a autorka, která pracuje s hlasem jako s nástrojem léčení, propojení a sebepoznání. Ve své tvorbě propojuje písně, rituální prvky a práci s publikem tak, aby vznikl prostor pro skutečný prožitek přítomného okamžiku. Dlouhodobě se věnuje zpěvným kruhům, ceremoniální hudbě a koncertům, kde se hranice mezi pódiem a publikem přirozeně stírají.<br/></p>

<figure class="wp-block-embed is-type-video is-provider-youtube wp-block-embed-youtube wp-embed-aspect-16-9 wp-has-aspect-ratio"><div class="wp-block-embed__wrapper">
<iframe loading="lazy" title="Orka - Sirenita Bobinsana" width="500" height="281" src="https://www.youtube.com/embed/eTsrHka8j5E?feature=oembed" frameborder="0" allow="accelerometer; autoplay; clipboard-write; encrypted-media; gyroscope; picture-in-picture; web-share" referrerpolicy="strict-origin-when-cross-origin" allowfullscreen></iframe>
</div></figure>

<p>Během více než patnácti let vystupovala na festivalech po celém světě, vedla tisíce lidí k objevování vlastního hlasu a vytvořila několik výrazných projektů, mimo jiné Orot a Forestt. Má za sebou čtyři alba, TEDx vystoupení a aktivní roli lídryně ve své komunitě. Aktuálně představuje novou tvorbu vznikající ve spolupráci s klavíristou Stavem Goldbergem. Orka přináší hudbu, která otevírá srdce.</p>

Domů
