{"id":10293,"date":"2025-12-04T14:35:32","date_gmt":"2025-12-04T13:35:32","guid":{"rendered":"https:\/\/www.colours.cz\/ucinkujici\/mirai\/"},"modified":"2025-12-16T19:14:31","modified_gmt":"2025-12-16T18:14:31","slug":"mirai","status":"publish","type":"program","link":"https:\/\/www.colours.cz\/en\/ucinkujici\/mirai\/","title":{"rendered":"MIRAI"},"content":{"rendered":"\n<figure class=\"wp-block-embed is-type-rich is-provider-spotify wp-block-embed-spotify wp-embed-aspect-21-9 wp-has-aspect-ratio\"><div class=\"wp-block-embed__wrapper\">\n<iframe title=\"Spotify Embed: Mirai\" style=\"border-radius: 12px\" width=\"100%\" height=\"352\" frameborder=\"0\" allowfullscreen allow=\"autoplay; clipboard-write; encrypted-media; fullscreen; picture-in-picture\" loading=\"lazy\" src=\"https:\/\/open.spotify.com\/embed\/artist\/5m2pDQbSRuWbxRR1FUcHle?si=WANwG_dZRAi9kvbrTqfG4w&#038;utm_source=oembed\"><\/iframe>\n<\/div><\/figure>\n\n\n\n<p>One of the most successful Czech bands of today \u2013 and a true mainstay of the local pop scene \u2013 is returning to Colours of Ostrava after seven years. Back then, the Fr\u00fddek-M\u00edstek musicians were only just stepping out of the club circuit; today, they effortlessly fill arenas. Their festival show will likely be a warm-up for their biggest headline moment yet: Eden 360 in 2027. So, Ostrava\u2026 shall we give them a stadium-level atmosphere so they know what to expect?<\/p>\n\n\n\n<figure class=\"wp-block-embed is-type-video is-provider-youtube wp-block-embed-youtube wp-embed-aspect-16-9 wp-has-aspect-ratio\"><div class=\"wp-block-embed__wrapper\">\n<iframe loading=\"lazy\" title=\"Mirai - summer love (Official Music Video)\" width=\"500\" height=\"281\" src=\"https:\/\/www.youtube.com\/embed\/B4n_L5-X5tA?feature=oembed\" frameborder=\"0\" allow=\"accelerometer; autoplay; clipboard-write; encrypted-media; gyroscope; picture-in-picture; web-share\" referrerpolicy=\"strict-origin-when-cross-origin\" allowfullscreen><\/iframe>\n<\/div><\/figure>\n\n\n\n<p>Mirai formed in 2014 and immediately made an impact with their debut single\u00a0<em>D\u00edt\u011b robot\u00ed<\/em>. Their real breakthrough came with the album\u00a0<em>Konnichiwa<\/em>\u00a0and especially with the hit\u00a0<em>Kdy\u017e nem\u016f\u017ee\u0161, tak p\u0159idej<\/em>. It took the band barely five years to move from clubs to large halls. In 2024 they released their latest album\u00a0<em>TOMODACHI<\/em>, and in November 2025 followed up with the single\u00a0<em>Drahokamy<\/em>. We can\u2019t wait to hear all the musical gems they\u2019ll bring to Colours \u2013 this is the perfect moment for generations across the festival to come together.<\/p>\n","protected":false},"excerpt":{"rendered":"<p>Anthems made for blasting with the car windows down.<\/p>\n","protected":false},"featured_media":10291,"menu_order":0,"template":"","meta":[],"program-year":[456],"program-category":[120],"program-genre":[180],"program-country":[256],"class_list":["post-10293","program","type-program","status-publish","has-post-thumbnail","hentry","program-category-music-programme","program-genre-pop-en","program-country-cesko-en"],"yoast_head":"<!-- This site is optimized with the Yoast SEO plugin v25.3.1 - https:\/\/yoast.com\/wordpress\/plugins\/seo\/ -->\n<title>MIRAI - Colours of Ostrava<\/title>\n<meta name=\"robots\" content=\"index, follow, max-snippet:-1, max-image-preview:large, max-video-preview:-1\" \/>\n<link rel=\"canonical\" href=\"https:\/\/www.colours.cz\/en\/ucinkujici\/mirai\/\" \/>\n<meta property=\"og:locale\" content=\"en_US\" \/>\n<meta property=\"og:type\" content=\"article\" \/>\n<meta property=\"og:title\" content=\"MIRAI - Colours of Ostrava\" \/>\n<meta property=\"og:description\" content=\"Anthems made for blasting with the car windows down.\" \/>\n<meta property=\"og:url\" content=\"https:\/\/www.colours.cz\/en\/ucinkujici\/mirai\/\" \/>\n<meta property=\"og:site_name\" content=\"Colours of Ostrava\" \/>\n<meta property=\"article:modified_time\" content=\"2025-12-16T18:14:31+00:00\" \/>\n<meta property=\"og:image\" content=\"https:\/\/www.colours.cz\/wp-content\/uploads\/2025\/12\/000040010031-scaled-e1764855092875.jpg\" \/>\n\t<meta property=\"og:image:width\" content=\"2560\" \/>\n\t<meta property=\"og:image:height\" content=\"1698\" \/>\n\t<meta property=\"og:image:type\" content=\"image\/jpeg\" \/>\n<meta name=\"twitter:card\" content=\"summary_large_image\" \/>\n<meta name=\"twitter:label1\" content=\"Est. reading time\" \/>\n\t<meta name=\"twitter:data1\" content=\"2 minutes\" \/>\n<!-- \/ Yoast SEO plugin. -->","yoast_head_json":{"title":"MIRAI - Colours of Ostrava","robots":{"index":"index","follow":"follow","max-snippet":"max-snippet:-1","max-image-preview":"max-image-preview:large","max-video-preview":"max-video-preview:-1"},"canonical":"https:\/\/www.colours.cz\/en\/ucinkujici\/mirai\/","og_locale":"en_US","og_type":"article","og_title":"MIRAI - Colours of Ostrava","og_description":"Anthems made for blasting with the car windows down.","og_url":"https:\/\/www.colours.cz\/en\/ucinkujici\/mirai\/","og_site_name":"Colours of Ostrava","article_modified_time":"2025-12-16T18:14:31+00:00","og_image":[{"width":2560,"height":1698,"url":"https:\/\/www.colours.cz\/wp-content\/uploads\/2025\/12\/000040010031-scaled-e1764855092875.jpg","type":"image\/jpeg"}],"twitter_card":"summary_large_image","twitter_misc":{"Est. reading time":"2 minutes"},"schema":{"@context":"https:\/\/schema.org","@graph":[{"@type":"WebPage","@id":"https:\/\/www.colours.cz\/en\/ucinkujici\/mirai\/","url":"https:\/\/www.colours.cz\/en\/ucinkujici\/mirai\/","name":"MIRAI - Colours of Ostrava","isPartOf":{"@id":"https:\/\/www.colours.cz\/en\/#website"},"primaryImageOfPage":{"@id":"https:\/\/www.colours.cz\/en\/ucinkujici\/mirai\/#primaryimage"},"image":{"@id":"https:\/\/www.colours.cz\/en\/ucinkujici\/mirai\/#primaryimage"},"thumbnailUrl":"https:\/\/www.colours.cz\/wp-content\/uploads\/2025\/12\/000040010031-scaled-e1764855092875.jpg","datePublished":"2025-12-04T13:35:32+00:00","dateModified":"2025-12-16T18:14:31+00:00","breadcrumb":{"@id":"https:\/\/www.colours.cz\/en\/ucinkujici\/mirai\/#breadcrumb"},"inLanguage":"en-US","potentialAction":[{"@type":"ReadAction","target":["https:\/\/www.colours.cz\/en\/ucinkujici\/mirai\/"]}]},{"@type":"ImageObject","inLanguage":"en-US","@id":"https:\/\/www.colours.cz\/en\/ucinkujici\/mirai\/#primaryimage","url":"https:\/\/www.colours.cz\/wp-content\/uploads\/2025\/12\/000040010031-scaled-e1764855092875.jpg","contentUrl":"https:\/\/www.colours.cz\/wp-content\/uploads\/2025\/12\/000040010031-scaled-e1764855092875.jpg","width":2560,"height":1698},{"@type":"BreadcrumbList","@id":"https:\/\/www.colours.cz\/en\/ucinkujici\/mirai\/#breadcrumb","itemListElement":[{"@type":"ListItem","position":1,"name":"Dom\u016f","item":"https:\/\/www.colours.cz\/en\/"},{"@type":"ListItem","position":2,"name":"MIRAI"}]},{"@type":"WebSite","@id":"https:\/\/www.colours.cz\/en\/#website","url":"https:\/\/www.colours.cz\/en\/","name":"Colours of Ostrava","description":"","potentialAction":[{"@type":"SearchAction","target":{"@type":"EntryPoint","urlTemplate":"https:\/\/www.colours.cz\/en\/?s={search_term_string}"},"query-input":{"@type":"PropertyValueSpecification","valueRequired":true,"valueName":"search_term_string"}}],"inLanguage":"en-US"}]}},"program-params-interpret-block-order":"0","program-params-thumbnail-mobile-id":"","program-params-sign-language-available":"0","program-params-timeline-description":"","program-tickets-not-included":"0","program-events-items-ids":[{"program-event-items-date-start":"15.07.2026 19:00","program-event-items-date-end":"","program-event-items-date-length":"0","program-event-items-place":""}],"program-spotify-iframe":"","program-spotify-position":"center","program-socials-facebook":"","program-socials-youtube":"","program-socials-spotify":"","program-socials-instagram":"","program-socials-threads":"","program-socials-tiktok":"","program-socials-linkedin":"","program-gallery-items-ids":[{"program-items-url":"","program-items-title":"","program-items-description":"","program-items-duration":"","program-items-image-id":""}],"program-discover-title":"","program-discover-show-in-modal":"0","program-discover-items-ids":"","_links":{"self":[{"href":"https:\/\/www.colours.cz\/en\/wp-json\/wp\/v2\/program\/10293","targetHints":{"allow":["GET"]}}],"collection":[{"href":"https:\/\/www.colours.cz\/en\/wp-json\/wp\/v2\/program"}],"about":[{"href":"https:\/\/www.colours.cz\/en\/wp-json\/wp\/v2\/types\/program"}],"wp:featuredmedia":[{"embeddable":true,"href":"https:\/\/www.colours.cz\/en\/wp-json\/wp\/v2\/media\/10291"}],"wp:attachment":[{"href":"https:\/\/www.colours.cz\/en\/wp-json\/wp\/v2\/media?parent=10293"}],"wp:term":[{"taxonomy":"program-year","embeddable":true,"href":"https:\/\/www.colours.cz\/en\/wp-json\/wp\/v2\/program-year?post=10293"},{"taxonomy":"program-category","embeddable":true,"href":"https:\/\/www.colours.cz\/en\/wp-json\/wp\/v2\/program-category?post=10293"},{"taxonomy":"program-genre","embeddable":true,"href":"https:\/\/www.colours.cz\/en\/wp-json\/wp\/v2\/program-genre?post=10293"},{"taxonomy":"program-country","embeddable":true,"href":"https:\/\/www.colours.cz\/en\/wp-json\/wp\/v2\/program-country?post=10293"}],"curies":[{"name":"wp","href":"https:\/\/api.w.org\/{rel}","templated":true}]}}

<figure class="wp-block-embed is-type-rich is-provider-spotify wp-block-embed-spotify wp-embed-aspect-21-9 wp-has-aspect-ratio"><div class="wp-block-embed__wrapper">
<iframe title="Spotify Embed: Mirai" style="border-radius: 12px" width="100%" height="352" frameborder="0" allowfullscreen allow="autoplay; clipboard-write; encrypted-media; fullscreen; picture-in-picture" loading="lazy" src="https://open.spotify.com/embed/artist/5m2pDQbSRuWbxRR1FUcHle?si=WANwG_dZRAi9kvbrTqfG4w&#038;utm_source=oembed"></iframe>
</div></figure>



<p>One of the most successful Czech bands of today – and a true mainstay of the local pop scene – is returning to Colours of Ostrava after seven years. Back then, the Frýdek-Místek musicians were only just stepping out of the club circuit; today, they effortlessly fill arenas. Their festival show will likely be a warm-up for their biggest headline moment yet: Eden 360 in 2027. So, Ostrava… shall we give them a stadium-level atmosphere so they know what to expect?</p>



<figure class="wp-block-embed is-type-video is-provider-youtube wp-block-embed-youtube wp-embed-aspect-16-9 wp-has-aspect-ratio"><div class="wp-block-embed__wrapper">
<iframe loading="lazy" title="Mirai - summer love (Official Music Video)" width="500" height="281" src="https://www.youtube.com/embed/B4n_L5-X5tA?feature=oembed" frameborder="0" allow="accelerometer; autoplay; clipboard-write; encrypted-media; gyroscope; picture-in-picture; web-share" referrerpolicy="strict-origin-when-cross-origin" allowfullscreen></iframe>
</div></figure>



<p>Mirai formed in 2014 and immediately made an impact with their debut single <em>Dítě robotí</em>. Their real breakthrough came with the album <em>Konnichiwa</em> and especially with the hit <em>Když nemůžeš, tak přidej</em>. It took the band barely five years to move from clubs to large halls. In 2024 they released their latest album <em>TOMODACHI</em>, and in November 2025 followed up with the single <em>Drahokamy</em>. We can’t wait to hear all the musical gems they’ll bring to Colours – this is the perfect moment for generations across the festival to come together.</p>

Domů
