{"id":10176,"date":"2025-11-25T21:27:03","date_gmt":"2025-11-25T20:27:03","guid":{"rendered":"https:\/\/www.colours.cz\/ucinkujici\/suss\/"},"modified":"2026-03-24T13:57:08","modified_gmt":"2026-03-24T12:57:08","slug":"suss","status":"publish","type":"program","link":"https:\/\/www.colours.cz\/en\/ucinkujici\/suss\/","title":{"rendered":"SUSS"},"content":{"rendered":"\n<figure class=\"wp-block-embed is-type-rich is-provider-spotify wp-block-embed-spotify wp-embed-aspect-21-9 wp-has-aspect-ratio\"><div class=\"wp-block-embed__wrapper\">\n<iframe title=\"Spotify Embed: SUSS\" style=\"border-radius: 12px\" width=\"100%\" height=\"352\" frameborder=\"0\" allowfullscreen allow=\"autoplay; clipboard-write; encrypted-media; fullscreen; picture-in-picture\" loading=\"lazy\" src=\"https:\/\/open.spotify.com\/embed\/artist\/3qb5O9pLE0urqttdq4CqLS?si=-2o3yCvHRkKEECzYXVHzCw&#038;utm_source=oembed\"><\/iframe>\n<\/div><\/figure>\n\n\n\n<p>Zvuk, kter\u00fd se ne\u0159\u00edt\u00ed dop\u0159edu, ale otev\u00edr\u00e1 prostor. Americk\u00e9 trio stoj\u00ed na pomez\u00ed ambientu, experiment\u00e1ln\u00ed hudby a tzv. ambient country, kde se pedal steel, jemn\u00e9 kytarov\u00e9 textury a pomalu se vln\u00edc\u00ed zvukov\u00e9 vrstvy m\u011bn\u00ed v meditativn\u00ed cestu krajinou. Jejich skladby p\u0159ipom\u00ednaj\u00ed z\u00e1pad slunce nad nekone\u010dnou d\u00e1lkou, filmov\u00e9 obrazy bez slov, ticho, ve kter\u00e9m se tou\u017e\u00edte zhluboka nadechnout.<\/p>\n\n\n\n<figure class=\"wp-block-embed is-type-video is-provider-youtube wp-block-embed-youtube wp-embed-aspect-16-9 wp-has-aspect-ratio\"><div class=\"wp-block-embed__wrapper\">\n<iframe loading=\"lazy\" title=\"SUSS - Full Performance (Live on KEXP)\" width=\"500\" height=\"281\" src=\"https:\/\/www.youtube.com\/embed\/cX5Ti33E-pU?feature=oembed\" frameborder=\"0\" allow=\"accelerometer; autoplay; clipboard-write; encrypted-media; gyroscope; picture-in-picture; web-share\" referrerpolicy=\"strict-origin-when-cross-origin\" allowfullscreen><\/iframe>\n<\/div><\/figure>\n\n\n\n<p>SUSS je newyorsk\u00e9 trio, kter\u00e9 vydalo debutov\u00e9 album Ghost Box v roce 2018 vlastn\u00edm n\u00e1kladem. P\u0159ekvapiv\u00fd undergroundov\u00fd hit se postupn\u011b vkr\u00e1dal do nejr\u016fzn\u011bj\u0161\u00edch ambientn\u00edch playlist\u016f, a\u017e skupina nakonec podepsala smlouvu s vydavatelstv\u00edm Northern Spy. V letech 2019 a 2020 n\u00e1sledovala \u00fasp\u011b\u0161n\u00e1 alba High Line a Promise. N\u00e1sledn\u011b opustil kapelu producent William Garrett a ne\u010dekan\u011b zem\u0159el zakl\u00e1daj\u00edc\u00ed \u010dlen Gary Leib. V roce 2024 se SUSS vydali nov\u00fdm sm\u011brem, kdy sv\u00e9 stroh\u00e9 krajiny napl\u0148uj\u00ed tvory, cykly a rytmy sv\u011bta kolem. Tahle zem\u011b bude i va\u0161e zem\u011b.<\/p>\n\n\n\n<p><\/p>\n","protected":false},"excerpt":{"rendered":"<p>Americk\u00e1 ambientn\u00ed krajina pln\u00e1 prostoru a sv\u011btla<\/p>\n","protected":false},"featured_media":10170,"menu_order":0,"template":"","meta":[],"program-year":[456],"program-category":[120,281],"program-genre":[329],"program-country":[186],"class_list":["post-10176","program","type-program","status-publish","has-post-thumbnail","hentry","program-category-music-programme","program-category-theater-and-performance","program-genre-alternative-en","program-country-usa-en"],"yoast_head":"<!-- This site is optimized with the Yoast SEO plugin v25.3.1 - https:\/\/yoast.com\/wordpress\/plugins\/seo\/ -->\n<title>SUSS - Colours of Ostrava<\/title>\n<meta name=\"description\" content=\"Za\u017eijte americkou ambientn\u00ed krajinu plnou prostoru a sv\u011btla na Colours of Ostrava 2026.\" \/>\n<meta name=\"robots\" content=\"index, follow, max-snippet:-1, max-image-preview:large, max-video-preview:-1\" \/>\n<link rel=\"canonical\" href=\"https:\/\/www.colours.cz\/en\/ucinkujici\/suss\/\" \/>\n<meta property=\"og:locale\" content=\"en_US\" \/>\n<meta property=\"og:type\" content=\"article\" \/>\n<meta property=\"og:title\" content=\"SUSS - Colours of Ostrava\" \/>\n<meta property=\"og:description\" content=\"Za\u017eijte americkou ambientn\u00ed krajinu plnou prostoru a sv\u011btla na Colours of Ostrava 2026.\" \/>\n<meta property=\"og:url\" content=\"https:\/\/www.colours.cz\/en\/ucinkujici\/suss\/\" \/>\n<meta property=\"og:site_name\" content=\"Colours of Ostrava\" \/>\n<meta property=\"article:modified_time\" content=\"2026-03-24T12:57:08+00:00\" \/>\n<meta name=\"twitter:card\" content=\"summary_large_image\" \/>\n<meta name=\"twitter:label1\" content=\"Est. reading time\" \/>\n\t<meta name=\"twitter:data1\" content=\"1 minute\" \/>\n<!-- \/ Yoast SEO plugin. -->","yoast_head_json":{"title":"SUSS - Colours of Ostrava","description":"Za\u017eijte americkou ambientn\u00ed krajinu plnou prostoru a sv\u011btla na Colours of Ostrava 2026.","robots":{"index":"index","follow":"follow","max-snippet":"max-snippet:-1","max-image-preview":"max-image-preview:large","max-video-preview":"max-video-preview:-1"},"canonical":"https:\/\/www.colours.cz\/en\/ucinkujici\/suss\/","og_locale":"en_US","og_type":"article","og_title":"SUSS - Colours of Ostrava","og_description":"Za\u017eijte americkou ambientn\u00ed krajinu plnou prostoru a sv\u011btla na Colours of Ostrava 2026.","og_url":"https:\/\/www.colours.cz\/en\/ucinkujici\/suss\/","og_site_name":"Colours of Ostrava","article_modified_time":"2026-03-24T12:57:08+00:00","twitter_card":"summary_large_image","twitter_misc":{"Est. reading time":"1 minute"},"schema":{"@context":"https:\/\/schema.org","@graph":[{"@type":"WebPage","@id":"https:\/\/www.colours.cz\/en\/ucinkujici\/suss\/","url":"https:\/\/www.colours.cz\/en\/ucinkujici\/suss\/","name":"SUSS - Colours of Ostrava","isPartOf":{"@id":"https:\/\/www.colours.cz\/en\/#website"},"primaryImageOfPage":{"@id":"https:\/\/www.colours.cz\/en\/ucinkujici\/suss\/#primaryimage"},"image":{"@id":"https:\/\/www.colours.cz\/en\/ucinkujici\/suss\/#primaryimage"},"thumbnailUrl":"https:\/\/www.colours.cz\/wp-content\/uploads\/2025\/11\/SUSS.jpg-e1764238516858.avif","datePublished":"2025-11-25T20:27:03+00:00","dateModified":"2026-03-24T12:57:08+00:00","description":"Za\u017eijte americkou ambientn\u00ed krajinu plnou prostoru a sv\u011btla na Colours of Ostrava 2026.","breadcrumb":{"@id":"https:\/\/www.colours.cz\/en\/ucinkujici\/suss\/#breadcrumb"},"inLanguage":"en-US","potentialAction":[{"@type":"ReadAction","target":["https:\/\/www.colours.cz\/en\/ucinkujici\/suss\/"]}]},{"@type":"ImageObject","inLanguage":"en-US","@id":"https:\/\/www.colours.cz\/en\/ucinkujici\/suss\/#primaryimage","url":"https:\/\/www.colours.cz\/wp-content\/uploads\/2025\/11\/SUSS.jpg-e1764238516858.avif","contentUrl":"https:\/\/www.colours.cz\/wp-content\/uploads\/2025\/11\/SUSS.jpg-e1764238516858.avif","width":643,"height":643},{"@type":"BreadcrumbList","@id":"https:\/\/www.colours.cz\/en\/ucinkujici\/suss\/#breadcrumb","itemListElement":[{"@type":"ListItem","position":1,"name":"Dom\u016f","item":"https:\/\/www.colours.cz\/en\/"},{"@type":"ListItem","position":2,"name":"SUSS"}]},{"@type":"WebSite","@id":"https:\/\/www.colours.cz\/en\/#website","url":"https:\/\/www.colours.cz\/en\/","name":"Colours of Ostrava","description":"","potentialAction":[{"@type":"SearchAction","target":{"@type":"EntryPoint","urlTemplate":"https:\/\/www.colours.cz\/en\/?s={search_term_string}"},"query-input":{"@type":"PropertyValueSpecification","valueRequired":true,"valueName":"search_term_string"}}],"inLanguage":"en-US"}]}},"program-params-interpret-block-order":"0","program-params-thumbnail-mobile-id":"","program-params-sign-language-available":"0","program-params-timeline-description":"","program-tickets-not-included":"0","program-events-items-ids":[{"program-event-items-date-start":"16.07.2026 20:30","program-event-items-date-end":"","program-event-items-date-length":"0","program-event-items-place":"6488"}],"program-spotify-iframe":"","program-spotify-position":"center","program-socials-facebook":"https:\/\/www.facebook.com\/sussband\/","program-socials-youtube":"","program-socials-spotify":"https:\/\/open.spotify.com\/artist\/3qb5O9pLE0urqttdq4CqLS?si=-2o3yCvHRkKEECzYXVHzCw","program-socials-instagram":"https:\/\/www.instagram.com\/suss_band\/?hl=cs","program-socials-threads":"","program-socials-tiktok":"","program-socials-linkedin":"","program-gallery-items-ids":[{"program-items-url":"","program-items-title":"","program-items-description":"","program-items-duration":"","program-items-image-id":""}],"program-discover-title":"","program-discover-show-in-modal":"0","program-discover-items-ids":"","_links":{"self":[{"href":"https:\/\/www.colours.cz\/en\/wp-json\/wp\/v2\/program\/10176","targetHints":{"allow":["GET"]}}],"collection":[{"href":"https:\/\/www.colours.cz\/en\/wp-json\/wp\/v2\/program"}],"about":[{"href":"https:\/\/www.colours.cz\/en\/wp-json\/wp\/v2\/types\/program"}],"wp:featuredmedia":[{"embeddable":true,"href":"https:\/\/www.colours.cz\/en\/wp-json\/wp\/v2\/media\/10170"}],"wp:attachment":[{"href":"https:\/\/www.colours.cz\/en\/wp-json\/wp\/v2\/media?parent=10176"}],"wp:term":[{"taxonomy":"program-year","embeddable":true,"href":"https:\/\/www.colours.cz\/en\/wp-json\/wp\/v2\/program-year?post=10176"},{"taxonomy":"program-category","embeddable":true,"href":"https:\/\/www.colours.cz\/en\/wp-json\/wp\/v2\/program-category?post=10176"},{"taxonomy":"program-genre","embeddable":true,"href":"https:\/\/www.colours.cz\/en\/wp-json\/wp\/v2\/program-genre?post=10176"},{"taxonomy":"program-country","embeddable":true,"href":"https:\/\/www.colours.cz\/en\/wp-json\/wp\/v2\/program-country?post=10176"}],"curies":[{"name":"wp","href":"https:\/\/api.w.org\/{rel}","templated":true}]}}

<figure class="wp-block-embed is-type-rich is-provider-spotify wp-block-embed-spotify wp-embed-aspect-21-9 wp-has-aspect-ratio"><div class="wp-block-embed__wrapper">
<iframe title="Spotify Embed: SUSS" style="border-radius: 12px" width="100%" height="352" frameborder="0" allowfullscreen allow="autoplay; clipboard-write; encrypted-media; fullscreen; picture-in-picture" loading="lazy" src="https://open.spotify.com/embed/artist/3qb5O9pLE0urqttdq4CqLS?si=-2o3yCvHRkKEECzYXVHzCw&#038;utm_source=oembed"></iframe>
</div></figure>



<p>Zvuk, který se neřítí dopředu, ale otevírá prostor. Americké trio stojí na pomezí ambientu, experimentální hudby a tzv. ambient country, kde se pedal steel, jemné kytarové textury a pomalu se vlnící zvukové vrstvy mění v meditativní cestu krajinou. Jejich skladby připomínají západ slunce nad nekonečnou dálkou, filmové obrazy bez slov, ticho, ve kterém se toužíte zhluboka nadechnout.</p>



<figure class="wp-block-embed is-type-video is-provider-youtube wp-block-embed-youtube wp-embed-aspect-16-9 wp-has-aspect-ratio"><div class="wp-block-embed__wrapper">
<iframe loading="lazy" title="SUSS - Full Performance (Live on KEXP)" width="500" height="281" src="https://www.youtube.com/embed/cX5Ti33E-pU?feature=oembed" frameborder="0" allow="accelerometer; autoplay; clipboard-write; encrypted-media; gyroscope; picture-in-picture; web-share" referrerpolicy="strict-origin-when-cross-origin" allowfullscreen></iframe>
</div></figure>



<p>SUSS je newyorské trio, které vydalo debutové album Ghost Box v roce 2018 vlastním nákladem. Překvapivý undergroundový hit se postupně vkrádal do nejrůznějších ambientních playlistů, až skupina nakonec podepsala smlouvu s vydavatelstvím Northern Spy. V letech 2019 a 2020 následovala úspěšná alba High Line a Promise. Následně opustil kapelu producent William Garrett a nečekaně zemřel zakládající člen Gary Leib. V roce 2024 se SUSS vydali novým směrem, kdy své strohé krajiny naplňují tvory, cykly a rytmy světa kolem. Tahle země bude i vaše země.</p>



<p></p>

<p>Americká ambientní krajina plná prostoru a světla</p>

<!-- This site is optimized with the Yoast SEO plugin v25.3.1 - https://yoast.com/wordpress/plugins/seo/ -->
<title>SUSS - Colours of Ostrava</title>
<meta name="description" content="Zažijte americkou ambientní krajinu plnou prostoru a světla na Colours of Ostrava 2026." />
<meta name="robots" content="index, follow, max-snippet:-1, max-image-preview:large, max-video-preview:-1" />
<link rel="canonical" href="https://www.colours.cz/en/ucinkujici/suss/" />
<meta property="og:locale" content="en_US" />
<meta property="og:type" content="article" />
<meta property="og:title" content="SUSS - Colours of Ostrava" />
<meta property="og:description" content="Zažijte americkou ambientní krajinu plnou prostoru a světla na Colours of Ostrava 2026." />
<meta property="og:url" content="https://www.colours.cz/en/ucinkujici/suss/" />
<meta property="og:site_name" content="Colours of Ostrava" />
<meta property="article:modified_time" content="2026-03-24T12:57:08+00:00" />
<meta name="twitter:card" content="summary_large_image" />
<meta name="twitter:label1" content="Est. reading time" />
	<meta name="twitter:data1" content="1 minute" />
<!-- / Yoast SEO plugin. -->

Zažijte americkou ambientní krajinu plnou prostoru a světla na Colours of Ostrava 2026.

Domů
