{"id":1496,"date":"2025-03-21T21:23:54","date_gmt":"2025-03-21T20:23:54","guid":{"rendered":"https:\/\/www.colours.cz\/press\/"},"modified":"2026-04-16T13:39:03","modified_gmt":"2026-04-16T11:39:03","slug":"press","status":"publish","type":"page","link":"https:\/\/www.colours.cz\/en\/about-festival\/general-information\/press\/","title":{"rendered":"Press"},"content":{"rendered":"<section class=\"base-section --none\">\n  <div class=\"base-section__container container-fluid\">\n        \n\n<header class=\"base-header d-flex flex-column gap-3 u-posr align-items-center justify-content-center   --color-primary\">\n\n      <div class=\"base-header__bg-img u-posa u-top-50-p u-left-50-p u-translate-middle w-100 h-100 u-z-index-negative\">\n      \n\n<div class=\"img u-posr overflow-hidden --cover    w-100\">\n  <picture>\n    \n    <img loading=\"lazy\" decoding=\"async\" src=\"\" data-src=\"https:\/\/www.colours.cz\/wp-content\/themes\/coloursofostrava\/images\/content\/base-header\/coo_26_motiv_vycisteny_compressed_fullhd.jpg\" alt=\"Press - Colours of Ostrava\" width=\"1920\" height=\"214\" sizes=\"auto, (max-width: 480px) 480px, (max-width: 768px) 768px, (max-width: 1024px) 1024px, 1920px\" draggable=\"false\" srcset=\"\" data-srcset=\"https:\/\/www.colours.cz\/wp-content\/themes\/coloursofostrava\/images\/content\/base-header\/coo_26_motiv_vycisteny_compressed-480.webp 480w, https:\/\/www.colours.cz\/wp-content\/themes\/coloursofostrava\/images\/content\/base-header\/coo_26_motiv_vycisteny_compressed-960.webp 960w, https:\/\/www.colours.cz\/wp-content\/themes\/coloursofostrava\/images\/content\/base-header\/coo_26_motiv_vycisteny_compressed-768.webp 768w, https:\/\/www.colours.cz\/wp-content\/themes\/coloursofostrava\/images\/content\/base-header\/coo_26_motiv_vycisteny_compressed-1536.webp 1536w, https:\/\/www.colours.cz\/wp-content\/themes\/coloursofostrava\/images\/content\/base-header\/coo_26_motiv_vycisteny_compressed-1024.webp 1024w, https:\/\/www.colours.cz\/wp-content\/themes\/coloursofostrava\/images\/content\/base-header\/coo_26_motiv_vycisteny_compressed-2048.webp 2048w, https:\/\/www.colours.cz\/wp-content\/themes\/coloursofostrava\/images\/content\/base-header\/coo_26_motiv_vycisteny_compressed-1920.webp 1920w, https:\/\/www.colours.cz\/wp-content\/themes\/coloursofostrava\/images\/content\/base-header\/coo_26_motiv_vycisteny_compressed-2560.webp 2560w\">\n  <\/picture>\n<\/div>\n    <\/div>\n  \n      <h1 class=\"base-heading mb-0 text-uppercase  u-h1  --decorated\">\n            Press\n      <\/h1>\n  \n  \n  \n  \n\n<\/header>\n\n\n  \n      <\/div>\n<\/section>\n\n\n<section class=\"base-section\">\n  <div class=\"base-section__container container-fluid\">\n        \n\n<div class=\"s-content_content row justify-content-center px-2 px-md-5\">\n  <div class=\"col-12\">\n\n    <div class=\"entry-content\">\n\n<p><strong>Accreditation forms for Colours of Ostrava 2026 will open at the turn of April and May.<\/strong><\/p>\n\n\n\n<p class=\"has-medium-font-size\">Colours of Ostrava 2025 is behind us.<\/p>\n\n\n\n<p class=\"has-medium-font-size\"><strong>All materials from the past edition can be found in the folder <a href=\"https:\/\/drive.google.com\/drive\/folders\/1t5Pgb-TIjVwpZqW2Wkugv073n0lsT9P4\">((OFFICIAL PHOTO COO 2025))<\/a>.<\/strong><\/p>\n\n\n\n<p class=\"has-medium-font-size\">The 23rd edition will take place in Doln\u00ed V\u00edtkovice from 15 to 18 July 2026. We look forward to seeing you!<\/p>\n\n\n\n<p class=\"has-medium-font-size\"><\/p>\n\n\n\n<p class=\"has-medium-font-size\"><strong><strong>Media Contacts<\/strong><\/strong><\/p>\n\n\n\n<p class=\"has-medium-font-size\"><strong>For Czech media:<\/strong><\/p>\n\n\n\n<p class=\"has-medium-font-size\">Ond\u0159ej Bambas<br>Email: <a href=\"mailto:ondrej.bambas@colours.cz\">ondrej.bambas@colours.cz<br><\/a>Tel: +420 724 708 703<\/p>\n\n\n\n<p class=\"has-medium-font-size\"><strong><strong>For Slovak Media:<\/strong><\/strong><\/p>\n\n\n\n<p class=\"has-medium-font-size\">Zdenko Hanout<br>Tel: &nbsp;+421 940 419 019<br>E-mail:&nbsp;<a href=\"mailto:zdenko.hanout@colours.cz\">zdenko.hanout@colours.cz<\/a><\/p>\n\n\n\n<p><strong>Contact for International Media:<\/strong><br>P\u0159emysl \u0160t\u011bp\u00e1nek<br>Tel: &nbsp;+420 603 523 108<br>E-mail:&nbsp;<a href=\"mailto:info@prstage.cz\">info@prstage.cz<\/a><\/p>\n\n\n\n<p class=\"has-medium-font-size\"><strong>To be added to the press mailing list, please contact: <a href=\"mailto:press@colours.cz\">press@colours.cz<\/a>&nbsp;<\/strong><\/p>\n\n\n\n<p class=\"has-medium-font-size\">&#8212;&#8212;&#8212;&#8212;&#8212;&#8212;&#8212;&#8212;&#8212;&#8212;&#8212;&#8212;&#8212;&#8212;&#8212;&#8212;&#8212;<\/p>\n\n\n\n<p class=\"has-medium-font-size\">Press Centre Access<br>You can find press materials such as press releases, official photos, graphics, and logos <a href=\"https:\/\/drive.google.com\/drive\/folders\/1frfz2kXGNEmELqo4O6k4scqYVu_TvXiP?usp=sharing\">here<\/a>.<\/p>\n\n\n\n<p class=\"has-medium-font-size\"><\/p>\n\n<\/div>\n\n  <\/div>\n<\/div>\n\n\n  \n      <\/div>\n<\/section>\n","protected":false},"excerpt":{"rendered":"","protected":false},"author":5,"featured_media":0,"parent":1364,"menu_order":0,"comment_status":"closed","ping_status":"closed","template":"","meta":{"footnotes":""},"class_list":["post-1496","page","type-page","status-publish","hentry"],"yoast_head":"<!-- This site is optimized with the Yoast SEO plugin v25.3.1 - https:\/\/yoast.com\/wordpress\/plugins\/seo\/ -->\n<title>Press - Colours of Ostrava<\/title>\n<meta name=\"robots\" content=\"index, follow, max-snippet:-1, max-image-preview:large, max-video-preview:-1\" \/>\n<link rel=\"canonical\" href=\"https:\/\/www.colours.cz\/en\/about-festival\/general-information\/press\/\" \/>\n<meta property=\"og:locale\" content=\"en_US\" \/>\n<meta property=\"og:type\" content=\"article\" \/>\n<meta property=\"og:title\" content=\"Press - Colours of Ostrava\" \/>\n<meta property=\"og:url\" content=\"https:\/\/www.colours.cz\/en\/about-festival\/general-information\/press\/\" \/>\n<meta property=\"og:site_name\" content=\"Colours of Ostrava\" \/>\n<meta property=\"article:modified_time\" content=\"2026-04-16T11:39:03+00:00\" \/>\n<meta name=\"twitter:card\" content=\"summary_large_image\" \/>\n<meta name=\"twitter:label1\" content=\"Est. reading time\" \/>\n\t<meta name=\"twitter:data1\" content=\"1 minute\" \/>\n<!-- \/ Yoast SEO plugin. -->","yoast_head_json":{"title":"Press - Colours of Ostrava","robots":{"index":"index","follow":"follow","max-snippet":"max-snippet:-1","max-image-preview":"max-image-preview:large","max-video-preview":"max-video-preview:-1"},"canonical":"https:\/\/www.colours.cz\/en\/about-festival\/general-information\/press\/","og_locale":"en_US","og_type":"article","og_title":"Press - Colours of Ostrava","og_url":"https:\/\/www.colours.cz\/en\/about-festival\/general-information\/press\/","og_site_name":"Colours of Ostrava","article_modified_time":"2026-04-16T11:39:03+00:00","twitter_card":"summary_large_image","twitter_misc":{"Est. reading time":"1 minute"},"schema":{"@context":"https:\/\/schema.org","@graph":[{"@type":"WebPage","@id":"https:\/\/www.colours.cz\/en\/about-festival\/general-information\/press\/","url":"https:\/\/www.colours.cz\/en\/about-festival\/general-information\/press\/","name":"Press - Colours of Ostrava","isPartOf":{"@id":"https:\/\/www.colours.cz\/en\/#website"},"datePublished":"2025-03-21T20:23:54+00:00","dateModified":"2026-04-16T11:39:03+00:00","breadcrumb":{"@id":"https:\/\/www.colours.cz\/en\/about-festival\/general-information\/press\/#breadcrumb"},"inLanguage":"en-US","potentialAction":[{"@type":"ReadAction","target":["https:\/\/www.colours.cz\/en\/about-festival\/general-information\/press\/"]}]},{"@type":"BreadcrumbList","@id":"https:\/\/www.colours.cz\/en\/about-festival\/general-information\/press\/#breadcrumb","itemListElement":[{"@type":"ListItem","position":1,"name":"Dom\u016f","item":"https:\/\/www.colours.cz\/en\/"},{"@type":"ListItem","position":2,"name":"About Festival","item":"https:\/\/colours.pristup.net\/en\/about-festival\/"},{"@type":"ListItem","position":3,"name":"General Information","item":"https:\/\/www.colours.cz\/en\/about-festival\/general-information\/"},{"@type":"ListItem","position":4,"name":"Press"}]},{"@type":"WebSite","@id":"https:\/\/www.colours.cz\/en\/#website","url":"https:\/\/www.colours.cz\/en\/","name":"Colours of Ostrava","description":"","potentialAction":[{"@type":"SearchAction","target":{"@type":"EntryPoint","urlTemplate":"https:\/\/www.colours.cz\/en\/?s={search_term_string}"},"query-input":{"@type":"PropertyValueSpecification","valueRequired":true,"valueName":"search_term_string"}}],"inLanguage":"en-US"}]}},"_links":{"self":[{"href":"https:\/\/www.colours.cz\/en\/wp-json\/wp\/v2\/pages\/1496","targetHints":{"allow":["GET"]}}],"collection":[{"href":"https:\/\/www.colours.cz\/en\/wp-json\/wp\/v2\/pages"}],"about":[{"href":"https:\/\/www.colours.cz\/en\/wp-json\/wp\/v2\/types\/page"}],"author":[{"embeddable":true,"href":"https:\/\/www.colours.cz\/en\/wp-json\/wp\/v2\/users\/5"}],"replies":[{"embeddable":true,"href":"https:\/\/www.colours.cz\/en\/wp-json\/wp\/v2\/comments?post=1496"}],"version-history":[{"count":3,"href":"https:\/\/www.colours.cz\/en\/wp-json\/wp\/v2\/pages\/1496\/revisions"}],"predecessor-version":[{"id":13397,"href":"https:\/\/www.colours.cz\/en\/wp-json\/wp\/v2\/pages\/1496\/revisions\/13397"}],"up":[{"embeddable":true,"href":"https:\/\/www.colours.cz\/en\/wp-json\/wp\/v2\/pages\/1364"}],"wp:attachment":[{"href":"https:\/\/www.colours.cz\/en\/wp-json\/wp\/v2\/media?parent=1496"}],"curies":[{"name":"wp","href":"https:\/\/api.w.org\/{rel}","templated":true}]}}

<section class="base-section --none">
  <div class="base-section__container container-fluid">
        

<header class="base-header d-flex flex-column gap-3 u-posr align-items-center justify-content-center   --color-primary">

      <div class="base-header__bg-img u-posa u-top-50-p u-left-50-p u-translate-middle w-100 h-100 u-z-index-negative">
      

<div class="img u-posr overflow-hidden --cover    w-100">
  <picture>
    
    <img loading="lazy" decoding="async" src="" data-src="https://www.colours.cz/wp-content/themes/coloursofostrava/images/content/base-header/coo_26_motiv_vycisteny_compressed_fullhd.jpg" alt="Press - Colours of Ostrava" width="1920" height="214" sizes="auto, (max-width: 480px) 480px, (max-width: 768px) 768px, (max-width: 1024px) 1024px, 1920px" draggable="false" srcset="" data-srcset="https://www.colours.cz/wp-content/themes/coloursofostrava/images/content/base-header/coo_26_motiv_vycisteny_compressed-480.webp 480w, https://www.colours.cz/wp-content/themes/coloursofostrava/images/content/base-header/coo_26_motiv_vycisteny_compressed-960.webp 960w, https://www.colours.cz/wp-content/themes/coloursofostrava/images/content/base-header/coo_26_motiv_vycisteny_compressed-768.webp 768w, https://www.colours.cz/wp-content/themes/coloursofostrava/images/content/base-header/coo_26_motiv_vycisteny_compressed-1536.webp 1536w, https://www.colours.cz/wp-content/themes/coloursofostrava/images/content/base-header/coo_26_motiv_vycisteny_compressed-1024.webp 1024w, https://www.colours.cz/wp-content/themes/coloursofostrava/images/content/base-header/coo_26_motiv_vycisteny_compressed-2048.webp 2048w, https://www.colours.cz/wp-content/themes/coloursofostrava/images/content/base-header/coo_26_motiv_vycisteny_compressed-1920.webp 1920w, https://www.colours.cz/wp-content/themes/coloursofostrava/images/content/base-header/coo_26_motiv_vycisteny_compressed-2560.webp 2560w">
  </picture>
</div>
    </div>
  
      <h1 class="base-heading mb-0 text-uppercase  u-h1  --decorated">
            Press
      </h1>
  
  
  
  

</header>


  
      </div>
</section>


<section class="base-section">
  <div class="base-section__container container-fluid">
        

<div class="s-content_content row justify-content-center px-2 px-md-5">
  <div class="col-12">

    <div class="entry-content">

<p><strong>Accreditation forms for Colours of Ostrava 2026 will open at the turn of April and May.</strong></p>



<p class="has-medium-font-size">Colours of Ostrava 2025 is behind us.</p>



<p class="has-medium-font-size"><strong>All materials from the past edition can be found in the folder <a href="https://drive.google.com/drive/folders/1t5Pgb-TIjVwpZqW2Wkugv073n0lsT9P4">((OFFICIAL PHOTO COO 2025))</a>.</strong></p>



<p class="has-medium-font-size">The 23rd edition will take place in Dolní Vítkovice from 15 to 18 July 2026. We look forward to seeing you!</p>



<p class="has-medium-font-size"></p>



<p class="has-medium-font-size"><strong><strong>Media Contacts</strong></strong></p>



<p class="has-medium-font-size"><strong>For Czech media:</strong></p>



<p class="has-medium-font-size">Ondřej Bambas<br>Email: <a href="mailto:ondrej.bambas@colours.cz">ondrej.bambas@colours.cz<br></a>Tel: +420 724 708 703</p>



<p class="has-medium-font-size"><strong><strong>For Slovak Media:</strong></strong></p>



<p class="has-medium-font-size">Zdenko Hanout<br>Tel: &nbsp;+421 940 419 019<br>E-mail:&nbsp;<a href="mailto:zdenko.hanout@colours.cz">zdenko.hanout@colours.cz</a></p>



<p><strong>Contact for International Media:</strong><br>Přemysl Štěpánek<br>Tel: &nbsp;+420 603 523 108<br>E-mail:&nbsp;<a href="mailto:info@prstage.cz">info@prstage.cz</a></p>



<p class="has-medium-font-size"><strong>To be added to the press mailing list, please contact: <a href="mailto:press@colours.cz">press@colours.cz</a>&nbsp;</strong></p>



<p class="has-medium-font-size">&#8212;&#8212;&#8212;&#8212;&#8212;&#8212;&#8212;&#8212;&#8212;&#8212;&#8212;&#8212;&#8212;&#8212;&#8212;&#8212;&#8212;</p>



<p class="has-medium-font-size">Press Centre Access<br>You can find press materials such as press releases, official photos, graphics, and logos <a href="https://drive.google.com/drive/folders/1frfz2kXGNEmELqo4O6k4scqYVu_TvXiP?usp=sharing">here</a>.</p>



<p class="has-medium-font-size"></p>

</div>

  </div>
</div>


  
      </div>
</section>

Domů
